CRAN Package Check Results for Package ijtiff

Last updated on 2024-02-23 04:02:02 CET.

Flavor Version Tinstall Tcheck Ttotal Status Flags
r-devel-linux-x86_64-debian-clang 2.3.4 OK
r-devel-linux-x86_64-debian-gcc 2.3.4 7.37 48.32 55.69 OK
r-devel-linux-x86_64-fedora-clang 2.3.4 88.03 OK
r-devel-linux-x86_64-fedora-gcc 2.3.4 96.98 OK
r-devel-windows-x86_64 2.3.4 26.00 85.00 111.00 OK
r-patched-linux-x86_64 2.3.4 8.04 62.43 70.47 OK
r-release-linux-x86_64 2.3.4 8.74 60.90 69.64 OK
r-release-macos-arm64 2.3.4 57.00 NOTE
r-release-macos-x86_64 2.3.4 80.00 NOTE
r-release-windows-x86_64 2.3.4 33.00 88.00 121.00 OK
r-oldrel-macos-arm64 2.3.4 42.00 NOTE
r-oldrel-windows-x86_64 2.3.4 18.00 85.00 103.00 OK

Check Details

Version: 2.3.4
Check: installed package size
Result: NOTE installed size is 7.1Mb sub-directories of 1Mb or more: libs 5.2Mb Flavors: r-release-macos-arm64, r-release-macos-x86_64, r-oldrel-macos-arm64