CRAN Package Check Results for Package igoR

Last updated on 2022-05-17 04:50:34 CEST.

Flavor Version Tinstall Tcheck Ttotal Status Flags
r-devel-linux-x86_64-debian-clang 0.1.3 7.94 75.63 83.57 OK
r-devel-linux-x86_64-debian-gcc 0.1.3 7.06 57.14 64.20 OK
r-devel-linux-x86_64-fedora-clang 0.1.3 105.73 NOTE
r-devel-linux-x86_64-fedora-gcc 0.1.3 100.48 NOTE
r-devel-windows-x86_64 0.1.3 17.00 101.00 118.00 OK
r-patched-linux-x86_64 0.1.3 7.99 72.57 80.56 OK
r-release-linux-x86_64 0.1.3 8.71 72.22 80.93 OK
r-release-macos-arm64 0.1.3 32.00 NOTE
r-release-macos-x86_64 0.1.3 47.00 NOTE
r-release-windows-x86_64 0.1.3 19.00 96.00 115.00 OK
r-oldrel-macos-arm64 0.1.3 46.00 NOTE
r-oldrel-macos-x86_64 0.1.3 64.00 NOTE
r-oldrel-windows-ix86+x86_64 0.1.3 14.00 86.00 100.00 OK

Check Details

Version: 0.1.3
Check: data for non-ASCII characters
Result: NOTE
     Note: found 160 marked UTF-8 strings
Flavors: r-devel-linux-x86_64-fedora-clang, r-devel-linux-x86_64-fedora-gcc, r-release-macos-arm64, r-release-macos-x86_64, r-oldrel-macos-arm64, r-oldrel-macos-x86_64