Last updated on 2022-05-22 15:53:21 CEST.
Flavor | Version | Tinstall | Tcheck | Ttotal | Status | Flags |
---|---|---|---|---|---|---|
r-devel-linux-x86_64-debian-clang | 3.3.0 | 12.18 | 282.87 | 295.05 | OK | |
r-devel-linux-x86_64-debian-gcc | 3.3.0 | 9.35 | 196.16 | 205.51 | OK | |
r-devel-linux-x86_64-fedora-clang | 3.3.0 | 327.01 | NOTE | |||
r-devel-linux-x86_64-fedora-gcc | 3.3.0 | 322.93 | NOTE | |||
r-devel-windows-x86_64 | 3.3.0 | 41.00 | 328.00 | 369.00 | OK | |
r-patched-linux-x86_64 | 3.3.0 | 18.76 | 255.38 | 274.14 | OK | |
r-release-linux-x86_64 | 3.3.0 | 9.76 | 254.93 | 264.69 | OK | |
r-release-macos-arm64 | 3.3.0 | 117.00 | NOTE | |||
r-release-macos-x86_64 | 3.3.0 | 176.00 | NOTE | |||
r-release-windows-x86_64 | 3.3.0 | 60.00 | 321.00 | 381.00 | OK | |
r-oldrel-macos-arm64 | 3.3.0 | 108.00 | NOTE | |||
r-oldrel-macos-x86_64 | 3.3.0 | 130.00 | NOTE | |||
r-oldrel-windows-ix86+x86_64 | 3.3.0 | 26.00 | 312.00 | 338.00 | OK |
Version: 3.3.0
Check: dependencies in R code
Result: NOTE
Namespace in Imports field not imported from: ‘plotly’
All declared Imports should be used.
Flavors: r-devel-linux-x86_64-fedora-clang, r-devel-linux-x86_64-fedora-gcc, r-release-macos-arm64, r-release-macos-x86_64, r-oldrel-macos-arm64, r-oldrel-macos-x86_64