Last updated on 2022-05-26 03:53:11 CEST.
Flavor | Version | Tinstall | Tcheck | Ttotal | Status | Flags |
---|---|---|---|---|---|---|
r-devel-linux-x86_64-debian-clang | 0.3.3 | 6.87 | 94.96 | 101.83 | OK | |
r-devel-linux-x86_64-debian-gcc | 0.3.3 | 5.51 | 70.88 | 76.39 | OK | |
r-devel-linux-x86_64-fedora-clang | 0.3.3 | 120.40 | NOTE | |||
r-devel-linux-x86_64-fedora-gcc | 0.3.3 | 114.94 | NOTE | |||
r-devel-windows-x86_64 | 0.3.3 | 19.00 | 115.00 | 134.00 | OK | |
r-patched-linux-x86_64 | 0.3.3 | 6.18 | 87.32 | 93.50 | OK | |
r-release-linux-x86_64 | 0.3.3 | OK | ||||
r-release-macos-arm64 | 0.3.3 | 31.00 | NOTE | |||
r-release-macos-x86_64 | 0.3.3 | 58.00 | NOTE | |||
r-release-windows-x86_64 | 0.3.3 | 18.00 | 118.00 | 136.00 | OK | |
r-oldrel-macos-arm64 | 0.3.3 | 37.00 | NOTE | |||
r-oldrel-macos-x86_64 | 0.3.3 | 54.00 | NOTE | |||
r-oldrel-windows-ix86+x86_64 | 0.3.3 | 18.00 | 105.00 | 123.00 | OK |
Version: 0.3.3
Check: dependencies in R code
Result: NOTE
Namespaces in Imports field not imported from:
‘kableExtra’ ‘knitr’ ‘xtable’
All declared Imports should be used.
Flavors: r-devel-linux-x86_64-fedora-clang, r-devel-linux-x86_64-fedora-gcc, r-release-macos-arm64, r-release-macos-x86_64, r-oldrel-macos-arm64, r-oldrel-macos-x86_64