Last updated on 2022-06-29 03:52:42 CEST.
Flavor | Version | Tinstall | Tcheck | Ttotal | Status | Flags |
---|---|---|---|---|---|---|
r-devel-linux-x86_64-debian-clang | 5.1 | 115.64 | 191.41 | 307.05 | NOTE | |
r-devel-linux-x86_64-debian-gcc | 5.1 | 115.00 | 146.34 | 261.34 | NOTE | |
r-devel-linux-x86_64-fedora-clang | 5.1 | 405.31 | NOTE | |||
r-devel-linux-x86_64-fedora-gcc | 5.1 | 422.85 | NOTE | |||
r-devel-windows-x86_64 | 5.1 | 98.00 | 248.00 | 346.00 | NOTE | |
r-patched-linux-x86_64 | 5.1 | 114.11 | 190.86 | 304.97 | NOTE | |
r-release-linux-x86_64 | 5.1 | 99.19 | 195.34 | 294.53 | NOTE | |
r-release-macos-arm64 | 5.1 | 106.00 | NOTE | |||
r-release-macos-x86_64 | 5.1 | 232.00 | NOTE | |||
r-release-windows-x86_64 | 5.1 | 107.00 | 247.00 | 354.00 | NOTE | |
r-oldrel-macos-arm64 | 5.1 | 150.00 | NOTE | |||
r-oldrel-macos-x86_64 | 5.1 | 224.00 | NOTE | |||
r-oldrel-windows-ix86+x86_64 | 5.1 | 176.00 | 10.00 | 186.00 | ERROR |
Version: 5.1
Check: for GNU extensions in Makefiles
Result: NOTE
GNU make is a SystemRequirements.
Flavors: r-devel-linux-x86_64-debian-clang, r-devel-linux-x86_64-debian-gcc, r-devel-linux-x86_64-fedora-clang, r-devel-linux-x86_64-fedora-gcc, r-devel-windows-x86_64, r-patched-linux-x86_64, r-release-linux-x86_64, r-release-macos-arm64, r-release-macos-x86_64, r-release-windows-x86_64, r-oldrel-macos-arm64, r-oldrel-macos-x86_64
Version: 5.1
Check: installed package size
Result: NOTE
installed size is 21.3Mb
sub-directories of 1Mb or more:
doc 1.2Mb
libs 19.5Mb
Flavors: r-devel-linux-x86_64-fedora-clang, r-release-macos-arm64, r-release-macos-x86_64, r-oldrel-macos-arm64, r-oldrel-macos-x86_64
Version: 5.1
Check: whether package can be installed
Result: ERROR
Installation failed.
Flavor: r-oldrel-windows-ix86+x86_64