CRAN Package Check Results for Package iconr

Last updated on 2023-06-10 03:56:25 CEST.

Flavor Version Tinstall Tcheck Ttotal Status Flags
r-devel-linux-x86_64-debian-clang 0.1.0 2.99 59.85 62.84 NOTE
r-devel-linux-x86_64-debian-gcc 0.1.0 2.63 38.20 40.83 NOTE
r-devel-linux-x86_64-fedora-clang 0.1.0 74.03 NOTE
r-devel-linux-x86_64-fedora-gcc 0.1.0 73.11 NOTE
r-devel-windows-x86_64 0.1.0 4.00 61.00 65.00 NOTE
r-patched-linux-x86_64 0.1.0 3.28 47.56 50.84 NOTE
r-release-linux-x86_64 0.1.0 2.37 46.70 49.07 NOTE
r-release-macos-arm64 0.1.0 33.00 NOTE
r-release-macos-x86_64 0.1.0 47.00 NOTE
r-release-windows-x86_64 0.1.0 5.00 66.00 71.00 NOTE
r-oldrel-macos-arm64 0.1.0 25.00 NOTE
r-oldrel-macos-x86_64 0.1.0 47.00 NOTE
r-oldrel-windows-x86_64 0.1.0 5.00 70.00 75.00 NOTE

Check Details

Version: 0.1.0
Check: LazyData
Result: NOTE
     'LazyData' is specified without a 'data' directory
Flavors: r-devel-linux-x86_64-debian-clang, r-devel-linux-x86_64-debian-gcc, r-devel-linux-x86_64-fedora-clang, r-devel-linux-x86_64-fedora-gcc, r-devel-windows-x86_64, r-patched-linux-x86_64, r-release-linux-x86_64, r-release-macos-arm64, r-release-macos-x86_64, r-release-windows-x86_64, r-oldrel-macos-arm64, r-oldrel-macos-x86_64, r-oldrel-windows-x86_64