CRAN Package Check Results for Package ichimoku

Last updated on 2022-01-24 15:54:14 CET.

Flavor Version Tinstall Tcheck Ttotal Status Flags
r-devel-linux-x86_64-debian-clang 1.2.5 11.97 112.80 124.77 OK
r-devel-linux-x86_64-debian-gcc 1.2.5 8.80 83.96 92.76 OK
r-devel-linux-x86_64-fedora-clang 1.2.5 151.24 OK
r-devel-linux-x86_64-fedora-gcc 1.2.5 138.73 OK
r-devel-windows-x86_64-new-UL 1.2.5 75.00 148.00 223.00 OK
r-devel-windows-x86_64-new-TK 1.2.5 OK
r-patched-linux-x86_64 1.2.5 11.36 109.85 121.21 OK
r-release-linux-x86_64 1.2.5 11.11 108.93 120.04 OK
r-release-macos-arm64 1.2.5 OK
r-release-macos-x86_64 1.2.5 OK
r-release-windows-ix86+x86_64 1.2.5 31.00 181.00 212.00 OK
r-oldrel-macos-x86_64 1.2.5 ERROR
r-oldrel-windows-ix86+x86_64 1.2.5 32.00 158.00 190.00 ERROR

Check Details

Version: 1.2.5
Check: examples
Result: ERROR
    Running examples in ‘ichimoku-Ex.R’ failed
    The error most likely occurred in:
    
    > ### Name: archive
    > ### Title: Read/write Objects <> Archive Files with Data Verification
    > ### Aliases: archive
    >
    > ### ** Examples
    >
    > cloud <- ichimoku(sample_ohlc_data, ticker = "TKR")
    > file <- tempfile()
    >
    > archive(cloud, file)
    Error in get(dots3, pos = parent.frame()) : invalid first argument
    Calls: archive -> writeArchive -> get
    Execution halted
Flavor: r-oldrel-macos-x86_64

Version: 1.2.5
Check: tests
Result: ERROR
     Running ‘testthat.R’ [6s/7s]
    Running the tests in ‘tests/testthat.R’ failed.
    Last 13 lines of output:
     Backtrace:
     █
     1. ├─testthat::expect_message(archive(object, file), "Archive written") test-archive.R:6:2
     2. │ └─testthat:::expect_condition_matching(...)
     3. │ └─testthat:::quasi_capture(...)
     4. │ ├─testthat:::.capture(...)
     5. │ │ └─base::withCallingHandlers(...)
     6. │ └─rlang::eval_bare(quo_get_expr(.quo), quo_get_env(.quo))
     7. └─ichimoku::archive(object, file)
     8. ├─ichimoku:::writeArchive(...)
     9. └─base::get(dots3, pos = parent.frame())
    
     [ FAIL 1 | WARN 0 | SKIP 0 | PASS 191 ]
     Error: Test failures
     Execution halted
Flavor: r-oldrel-macos-x86_64

Version: 1.2.5
Check: running examples for arch ‘i386’
Result: ERROR
    Running examples in 'ichimoku-Ex.R' failed
    The error most likely occurred in:
    
    > ### Name: archive
    > ### Title: Read/write Objects <> Archive Files with Data Verification
    > ### Aliases: archive
    >
    > ### ** Examples
    >
    > cloud <- ichimoku(sample_ohlc_data, ticker = "TKR")
    > file <- tempfile()
    >
    > archive(cloud, file)
    Error in get(dots3, pos = parent.frame()) : invalid first argument
    Calls: archive -> writeArchive -> get
    Execution halted
Flavor: r-oldrel-windows-ix86+x86_64

Version: 1.2.5
Check: running examples for arch ‘x64’
Result: ERROR
    Running examples in 'ichimoku-Ex.R' failed
    The error most likely occurred in:
    
    > ### Name: archive
    > ### Title: Read/write Objects <> Archive Files with Data Verification
    > ### Aliases: archive
    >
    > ### ** Examples
    >
    > cloud <- ichimoku(sample_ohlc_data, ticker = "TKR")
    > file <- tempfile()
    >
    > archive(cloud, file)
    Error in get(dots3, pos = parent.frame()) : invalid first argument
    Calls: archive -> writeArchive -> get
    Execution halted
Flavor: r-oldrel-windows-ix86+x86_64

Version: 1.2.5
Check: running tests for arch ‘i386’
Result: ERROR
     Running 'testthat.R' [15s]
    Running the tests in 'tests/testthat.R' failed.
    Complete output:
     > library(testthat)
     > library(ichimoku)
     >
     > test_check("ichimoku")
     Loading required package: shiny
     [ FAIL 1 | WARN 0 | SKIP 0 | PASS 191 ]
    
     == Failed tests ================================================================
     -- Error (test-archive.R:6:3): archive functions ok ----------------------------
     Error in `get(dots3, pos = parent.frame())`: invalid first argument
     Backtrace:
     x
     1. +-testthat::expect_message(archive(object, file), "Archive written") test-archive.R:6:2
     2. | \-testthat:::expect_condition_matching(...)
     3. | \-testthat:::quasi_capture(...)
     4. | +-testthat:::.capture(...)
     5. | | \-base::withCallingHandlers(...)
     6. | \-rlang::eval_bare(quo_get_expr(.quo), quo_get_env(.quo))
     7. \-ichimoku::archive(object, file)
     8. +-ichimoku:::writeArchive(...)
     9. \-base::get(dots3, pos = parent.frame())
    
     [ FAIL 1 | WARN 0 | SKIP 0 | PASS 191 ]
     Error: Test failures
     Execution halted
Flavor: r-oldrel-windows-ix86+x86_64

Version: 1.2.5
Check: running tests for arch ‘x64’
Result: ERROR
     Running 'testthat.R' [16s]
    Running the tests in 'tests/testthat.R' failed.
    Complete output:
     > library(testthat)
     > library(ichimoku)
     >
     > test_check("ichimoku")
     Loading required package: shiny
     [ FAIL 1 | WARN 0 | SKIP 0 | PASS 191 ]
    
     == Failed tests ================================================================
     -- Error (test-archive.R:6:3): archive functions ok ----------------------------
     Error in `get(dots3, pos = parent.frame())`: invalid first argument
     Backtrace:
     x
     1. +-testthat::expect_message(archive(object, file), "Archive written") test-archive.R:6:2
     2. | \-testthat:::expect_condition_matching(...)
     3. | \-testthat:::quasi_capture(...)
     4. | +-testthat:::.capture(...)
     5. | | \-base::withCallingHandlers(...)
     6. | \-rlang::eval_bare(quo_get_expr(.quo), quo_get_env(.quo))
     7. \-ichimoku::archive(object, file)
     8. +-ichimoku:::writeArchive(...)
     9. \-base::get(dots3, pos = parent.frame())
    
     [ FAIL 1 | WARN 0 | SKIP 0 | PASS 191 ]
     Error: Test failures
     Execution halted
Flavor: r-oldrel-windows-ix86+x86_64