CRAN Package Check Results for Package ical

Last updated on 2025-06-22 15:50:20 CEST.

Flavor Version Tinstall Tcheck Ttotal Status Flags
r-devel-linux-x86_64-debian-clang 0.1.6 2.10 28.46 30.56 OK
r-devel-linux-x86_64-debian-gcc 0.1.6 1.80 23.39 25.19 OK
r-devel-linux-x86_64-fedora-clang 0.1.6 44.22 OK
r-devel-linux-x86_64-fedora-gcc 0.1.6 46.04 OK
r-devel-windows-x86_64 0.1.6 3.00 46.00 49.00 OK
r-patched-linux-x86_64 0.1.6 1.87 25.96 27.83 OK
r-release-linux-x86_64 0.1.6 1.97 26.33 28.30 OK
r-release-macos-arm64 0.1.6 23.00 OK
r-release-macos-x86_64 0.1.6 33.00 OK
r-release-windows-x86_64 0.1.6 3.00 45.00 48.00 OK
r-oldrel-macos-arm64 0.1.6 20.00 NOTE
r-oldrel-macos-x86_64 0.1.6 27.00 NOTE
r-oldrel-windows-x86_64 0.1.6 4.00 50.00 54.00 NOTE

Check Details

Version: 0.1.6
Check: LazyData
Result: NOTE 'LazyData' is specified without a 'data' directory Flavors: r-oldrel-macos-arm64, r-oldrel-macos-x86_64, r-oldrel-windows-x86_64