CRAN Package Check Results for Package ibmdbR

Last updated on 2022-01-29 03:59:24 CET.

Flavor Version Tinstall Tcheck Ttotal Status Flags
r-devel-linux-x86_64-debian-clang 1.50.0 23.57 165.58 189.15 NOTE
r-devel-linux-x86_64-debian-gcc 1.50.0 17.77 122.83 140.60 NOTE
r-devel-linux-x86_64-fedora-clang 1.50.0 211.95 NOTE
r-devel-linux-x86_64-fedora-gcc 1.50.0 207.97 NOTE
r-devel-windows-x86_64-new-UL 1.50.0 111.00 186.00 297.00 NOTE
r-devel-windows-x86_64-new-TK 1.50.0 NOTE
r-patched-linux-x86_64 1.50.0 22.55 145.32 167.87 NOTE
r-release-linux-x86_64 1.50.0 20.83 144.70 165.53 NOTE
r-release-macos-arm64 1.50.0 OK
r-release-macos-x86_64 1.50.0 NOTE
r-release-windows-ix86+x86_64 1.50.0 45.00 168.00 213.00 OK
r-oldrel-macos-x86_64 1.50.0 OK
r-oldrel-windows-ix86+x86_64 1.50.0 44.00 173.00 217.00 OK

Check Details

Version: 1.50.0
Check: package dependencies
Result: NOTE
    Package suggested but not available for checking: 'SparkR'
Flavors: r-devel-linux-x86_64-debian-clang, r-devel-linux-x86_64-debian-gcc, r-devel-linux-x86_64-fedora-clang, r-devel-linux-x86_64-fedora-gcc, r-devel-windows-x86_64-new-UL, r-devel-windows-x86_64-new-TK, r-patched-linux-x86_64, r-release-linux-x86_64, r-release-macos-x86_64