Last updated on 2022-06-29 15:49:55 CEST.
Flavor | Version | Tinstall | Tcheck | Ttotal | Status | Flags |
---|---|---|---|---|---|---|
r-devel-linux-x86_64-debian-clang | 0.5.0 | 4.21 | 51.71 | 55.92 | OK | |
r-devel-linux-x86_64-debian-gcc | 0.5.0 | 3.31 | 39.58 | 42.89 | OK | |
r-devel-linux-x86_64-fedora-clang | 0.5.0 | 75.92 | NOTE | |||
r-devel-linux-x86_64-fedora-gcc | 0.5.0 | 75.02 | NOTE | |||
r-devel-windows-x86_64 | 0.5.0 | 42.00 | 85.00 | 127.00 | OK | |
r-patched-linux-x86_64 | 0.5.0 | 3.40 | 49.49 | 52.89 | OK | |
r-release-linux-x86_64 | 0.5.0 | 4.16 | 48.65 | 52.81 | OK | |
r-release-macos-arm64 | 0.5.0 | 24.00 | NOTE | |||
r-release-macos-x86_64 | 0.5.0 | 35.00 | NOTE | |||
r-release-windows-x86_64 | 0.5.0 | 41.00 | 84.00 | 125.00 | OK | |
r-oldrel-macos-arm64 | 0.5.0 | 20.00 | NOTE | |||
r-oldrel-macos-x86_64 | 0.5.0 | 34.00 | NOTE | |||
r-oldrel-windows-ix86+x86_64 | 0.5.0 | 9.00 | 75.00 | 84.00 | OK |
Version: 0.5.0
Check: data for non-ASCII characters
Result: NOTE
Note: found 1 marked UTF-8 string
Flavors: r-devel-linux-x86_64-fedora-clang, r-devel-linux-x86_64-fedora-gcc, r-release-macos-arm64, r-release-macos-x86_64, r-oldrel-macos-arm64, r-oldrel-macos-x86_64