Last updated on 2022-06-27 15:53:46 CEST.
Flavor | Version | Tinstall | Tcheck | Ttotal | Status | Flags |
---|---|---|---|---|---|---|
r-devel-linux-x86_64-debian-clang | 1.5 | 9.87 | 74.95 | 84.82 | OK | |
r-devel-linux-x86_64-debian-gcc | 1.5 | 6.90 | 54.68 | 61.58 | OK | |
r-devel-linux-x86_64-fedora-clang | 1.5 | 109.59 | WARN | |||
r-devel-linux-x86_64-fedora-gcc | 1.5 | 104.93 | WARN | |||
r-devel-windows-x86_64 | 1.5 | 24.00 | 96.00 | 120.00 | NOTE | |
r-patched-linux-x86_64 | 1.5 | 7.11 | 68.31 | 75.42 | OK | |
r-release-linux-x86_64 | 1.5 | 8.32 | 69.29 | 77.61 | OK | |
r-release-macos-arm64 | 1.5 | 31.00 | NOTE | |||
r-release-macos-x86_64 | 1.5 | 54.00 | NOTE | |||
r-release-windows-x86_64 | 1.5 | 40.00 | 98.00 | 138.00 | NOTE | |
r-oldrel-macos-arm64 | 1.5 | 33.00 | NOTE | |||
r-oldrel-macos-x86_64 | 1.5 | 58.00 | NOTE | |||
r-oldrel-windows-ix86+x86_64 | 1.5 | 24.00 | 95.00 | 119.00 | NOTE |
Version: 1.5
Check: package dependencies
Result: WARN
Requires orphaned package: ‘gtools’
Flavors: r-devel-linux-x86_64-fedora-clang, r-devel-linux-x86_64-fedora-gcc
Version: 1.5
Check: installed package size
Result: NOTE
installed size is 5.9Mb
sub-directories of 1Mb or more:
app 4.3Mb
data 1.6Mb
Flavors: r-devel-linux-x86_64-fedora-clang, r-devel-windows-x86_64, r-release-macos-arm64, r-release-macos-x86_64, r-release-windows-x86_64, r-oldrel-macos-arm64, r-oldrel-macos-x86_64, r-oldrel-windows-ix86+x86_64