Last updated on 2023-11-28 15:49:38 CET.
Flavor | Version | Tinstall | Tcheck | Ttotal | Status | Flags |
---|---|---|---|---|---|---|
r-devel-linux-x86_64-debian-clang | 1.6 | 8.57 | 64.97 | 73.54 | OK | |
r-devel-linux-x86_64-debian-gcc | 1.6 | 7.23 | 48.64 | 55.87 | OK | |
r-devel-linux-x86_64-fedora-clang | 1.6 | 94.18 | NOTE | |||
r-devel-linux-x86_64-fedora-gcc | 1.6 | 91.01 | NOTE | |||
r-devel-windows-x86_64 | 1.6 | 9.00 | 69.00 | 78.00 | OK | |
r-patched-linux-x86_64 | 1.6 | 7.90 | 60.82 | 68.72 | OK | |
r-release-linux-x86_64 | 1.6 | 5.38 | 60.78 | 66.16 | OK | |
r-release-macos-arm64 | 1.6 | 30.00 | OK | |||
r-release-macos-x86_64 | 1.6 | 53.00 | OK | |||
r-release-windows-x86_64 | 1.6 | 11.00 | 78.00 | 89.00 | OK | |
r-oldrel-macos-arm64 | 1.6 | 35.00 | OK | |||
r-oldrel-macos-x86_64 | 1.6 | 50.00 | OK | |||
r-oldrel-windows-x86_64 | 1.6 | 13.00 | 85.00 | 98.00 | OK |
Version: 1.6
Check: dependencies in R code
Result: NOTE
Namespace in Imports field not imported from: ‘readr’
All declared Imports should be used.
Flavors: r-devel-linux-x86_64-fedora-clang, r-devel-linux-x86_64-fedora-gcc