Last updated on 2022-05-26 03:53:12 CEST.
Flavor | Version | Tinstall | Tcheck | Ttotal | Status | Flags |
---|---|---|---|---|---|---|
r-devel-linux-x86_64-debian-clang | 1.0 | 3.09 | 43.66 | 46.75 | OK | |
r-devel-linux-x86_64-debian-gcc | 1.0 | 2.36 | 33.61 | 35.97 | OK | |
r-devel-linux-x86_64-fedora-clang | 1.0 | 58.16 | NOTE | |||
r-devel-linux-x86_64-fedora-gcc | 1.0 | 54.03 | NOTE | |||
r-devel-windows-x86_64 | 1.0 | 8.00 | 60.00 | 68.00 | OK | |
r-patched-linux-x86_64 | 1.0 | 2.37 | 42.24 | 44.61 | OK | |
r-release-linux-x86_64 | 1.0 | OK | ||||
r-release-macos-arm64 | 1.0 | 20.00 | NOTE | |||
r-release-macos-x86_64 | 1.0 | 32.00 | NOTE | |||
r-release-windows-x86_64 | 1.0 | 11.00 | 61.00 | 72.00 | OK | |
r-oldrel-macos-arm64 | 1.0 | 21.00 | NOTE | |||
r-oldrel-macos-x86_64 | 1.0 | 30.00 | NOTE | |||
r-oldrel-windows-ix86+x86_64 | 1.0 | 8.00 | 54.00 | 62.00 | OK |
Version: 1.0
Check: dependencies in R code
Result: NOTE
Namespaces in Imports field not imported from:
‘colorRamps’ ‘virtualspecies’
All declared Imports should be used.
Flavors: r-devel-linux-x86_64-fedora-clang, r-devel-linux-x86_64-fedora-gcc, r-release-macos-arm64, r-release-macos-x86_64, r-oldrel-macos-arm64, r-oldrel-macos-x86_64