CRAN Package Check Results for Package iMRMC

Last updated on 2022-09-28 15:49:56 CEST.

Flavor Version Tinstall Tcheck Ttotal Status Flags
r-devel-linux-x86_64-debian-clang 1.2.4 4.11 54.45 58.56 NOTE
r-devel-linux-x86_64-debian-gcc 1.2.4 3.41 44.21 47.62 NOTE
r-devel-linux-x86_64-fedora-clang 1.2.4 86.50 NOTE
r-devel-linux-x86_64-fedora-gcc 1.2.4 79.84 NOTE
r-devel-windows-x86_64 1.2.4 48.00 73.00 121.00 NOTE
r-patched-linux-x86_64 1.2.4 5.15 55.07 60.22 OK
r-release-linux-x86_64 1.2.4 4.08 51.98 56.06 OK
r-release-macos-arm64 1.2.4 28.00 NOTE
r-release-macos-x86_64 1.2.4 39.00 NOTE
r-release-windows-x86_64 1.2.4 70.00 71.00 141.00 NOTE
r-oldrel-macos-arm64 1.2.4 33.00 NOTE
r-oldrel-macos-x86_64 1.2.4 30.00 NOTE
r-oldrel-windows-ix86+x86_64 1.2.4 9.00 70.00 79.00 NOTE

Check Details

Version: 1.2.4
Check: package subdirectories
Result: NOTE
    Problems with news in 'NEWS.md':
    No news entries found.
Flavors: r-devel-linux-x86_64-debian-clang, r-devel-linux-x86_64-debian-gcc, r-devel-linux-x86_64-fedora-clang, r-devel-linux-x86_64-fedora-gcc, r-devel-windows-x86_64

Version: 1.2.4
Check: installed package size
Result: NOTE
     installed size is 5.3Mb
     sub-directories of 1Mb or more:
     java 4.2Mb
Flavors: r-devel-linux-x86_64-fedora-clang, r-devel-windows-x86_64, r-release-macos-arm64, r-release-macos-x86_64, r-release-windows-x86_64, r-oldrel-macos-arm64, r-oldrel-macos-x86_64, r-oldrel-windows-ix86+x86_64