CRAN Package Check Results for Package iFad

Last updated on 2022-05-27 15:51:42 CEST.

Flavor Version Tinstall Tcheck Ttotal Status Flags
r-devel-linux-x86_64-debian-clang 3.0 2.88 53.97 56.85 NOTE
r-devel-linux-x86_64-debian-gcc 3.0 3.19 41.95 45.14 NOTE
r-devel-linux-x86_64-fedora-clang 3.0 72.75 NOTE
r-devel-linux-x86_64-fedora-gcc 3.0 67.86 NOTE
r-devel-windows-x86_64 3.0 20.00 80.00 100.00 NOTE
r-patched-linux-x86_64 3.0 3.80 52.02 55.82 NOTE
r-release-linux-x86_64 3.0 3.78 51.42 55.20 NOTE
r-release-macos-arm64 3.0 23.00 NOTE
r-release-macos-x86_64 3.0 39.00 NOTE
r-release-windows-x86_64 3.0 21.00 79.00 100.00 NOTE
r-oldrel-macos-arm64 3.0 36.00 NOTE
r-oldrel-macos-x86_64 3.0 43.00 NOTE
r-oldrel-windows-ix86+x86_64 3.0 9.00 74.00 83.00 NOTE

Check Details

Version: 3.0
Check: R code for possible problems
Result: NOTE
    ROC_plot: no visible global function definition for 'pdf'
    ROC_plot: no visible global function definition for 'par'
    ROC_plot: no visible global function definition for 'dev.off'
    Ymean_compare: no visible binding for global variable 'sd'
    Ymean_compare: no visible global function definition for 'pdf'
    Ymean_compare: no visible global function definition for 'par'
    Ymean_compare: no visible global function definition for 'dev.off'
    data_simulation: no visible global function definition for 'rnorm'
    gibbs_sampling: no visible global function definition for 'rnorm'
    mcmc_trace_plot: no visible global function definition for 'pdf'
    mcmc_trace_plot: no visible global function definition for 'dev.off'
    Undefined global functions or variables:
     dev.off par pdf rnorm sd
    Consider adding
     importFrom("grDevices", "dev.off", "pdf")
     importFrom("graphics", "par")
     importFrom("stats", "rnorm", "sd")
    to your NAMESPACE file.
Flavors: r-devel-linux-x86_64-debian-clang, r-devel-linux-x86_64-debian-gcc, r-devel-linux-x86_64-fedora-clang, r-devel-linux-x86_64-fedora-gcc, r-devel-windows-x86_64, r-patched-linux-x86_64, r-release-linux-x86_64, r-release-macos-arm64, r-release-macos-x86_64, r-release-windows-x86_64, r-oldrel-macos-arm64, r-oldrel-macos-x86_64, r-oldrel-windows-ix86+x86_64

Version: 3.0
Check: for non-standard things in the check directory
Result: NOTE
    Found the following files/directories:
     'Demo_Gibbs_result.RData' 'Demo_traceplot.pdf' 'RMSE_demo.RData'
     'RMSE_plot.pdf' 'ROC_plot.pdf' 'ROC_result.RData' 'demo_data.RData'
Flavors: r-devel-linux-x86_64-debian-clang, r-devel-linux-x86_64-debian-gcc, r-devel-linux-x86_64-fedora-clang, r-devel-linux-x86_64-fedora-gcc, r-patched-linux-x86_64, r-release-linux-x86_64