CRAN Package Check Results for Package i18n

Last updated on 2022-10-03 15:53:59 CEST.

Flavor Version Tinstall Tcheck Ttotal Status Flags
r-devel-linux-x86_64-debian-clang 0.2.0 36.00 106.47 142.47 OK
r-devel-linux-x86_64-debian-gcc 0.2.0 31.77 76.68 108.45 OK
r-devel-linux-x86_64-fedora-clang 0.2.0 199.23 NOTE
r-devel-linux-x86_64-fedora-gcc 0.2.0 189.37 NOTE
r-devel-windows-x86_64 0.2.0 41.00 125.00 166.00 OK
r-patched-linux-x86_64 0.2.0 38.38 102.16 140.54 OK
r-release-linux-x86_64 0.2.0 37.80 102.30 140.10 OK
r-release-macos-arm64 0.2.0 64.00 NOTE
r-release-macos-x86_64 0.2.0 76.00 NOTE
r-release-windows-x86_64 0.2.0 50.00 128.00 178.00 OK
r-oldrel-macos-arm64 0.2.0 61.00 NOTE
r-oldrel-macos-x86_64 0.2.0 79.00 NOTE
r-oldrel-windows-ix86+x86_64 0.2.0 58.00 127.00 185.00 OK

Check Details

Version: 0.2.0
Check: data for non-ASCII characters
Result: NOTE
     Note: found 1058038 marked UTF-8 strings
Flavors: r-devel-linux-x86_64-fedora-clang, r-devel-linux-x86_64-fedora-gcc, r-release-macos-arm64, r-release-macos-x86_64, r-oldrel-macos-arm64, r-oldrel-macos-x86_64