Last updated on 2022-06-27 15:53:45 CEST.
Flavor | Version | Tinstall | Tcheck | Ttotal | Status | Flags |
---|---|---|---|---|---|---|
r-devel-linux-x86_64-debian-clang | 1.0.1 | 95.43 | 157.38 | 252.81 | OK | |
r-devel-linux-x86_64-debian-gcc | 1.0.1 | 71.44 | 116.07 | 187.51 | OK | |
r-devel-linux-x86_64-fedora-clang | 1.0.1 | 343.71 | NOTE | |||
r-devel-linux-x86_64-fedora-gcc | 1.0.1 | 312.40 | OK | |||
r-devel-windows-x86_64 | 1.0.1 | 150.00 | 226.00 | 376.00 | NOTE | |
r-patched-linux-x86_64 | 1.0.1 | 83.91 | 149.65 | 233.56 | OK | |
r-release-linux-x86_64 | 1.0.1 | 80.53 | 147.80 | 228.33 | OK | |
r-release-macos-arm64 | 1.0.1 | 90.00 | NOTE | |||
r-release-macos-x86_64 | 1.0.1 | 164.00 | NOTE | |||
r-release-windows-x86_64 | 1.0.1 | 163.00 | 234.00 | 397.00 | NOTE | |
r-oldrel-macos-arm64 | 1.0.1 | 95.00 | NOTE | |||
r-oldrel-macos-x86_64 | 1.0.1 | 142.00 | NOTE | |||
r-oldrel-windows-ix86+x86_64 | 1.0.1 | 218.00 | 320.00 | 538.00 | NOTE |
Version: 1.0.1
Check: installed package size
Result: NOTE
installed size is 8.1Mb
sub-directories of 1Mb or more:
extdata 5.6Mb
libs 1.7Mb
Flavors: r-devel-linux-x86_64-fedora-clang, r-devel-windows-x86_64, r-release-macos-arm64, r-release-macos-x86_64, r-release-windows-x86_64, r-oldrel-macos-arm64, r-oldrel-macos-x86_64, r-oldrel-windows-ix86+x86_64