Last updated on 2022-07-01 15:51:20 CEST.
Flavor | Version | Tinstall | Tcheck | Ttotal | Status | Flags |
---|---|---|---|---|---|---|
r-devel-linux-x86_64-debian-clang | 0.5-1 | 25.81 | 189.73 | 215.54 | NOTE | |
r-devel-linux-x86_64-debian-gcc | 0.5-1 | 19.76 | 140.79 | 160.55 | NOTE | |
r-devel-linux-x86_64-fedora-clang | 0.5-1 | 262.62 | NOTE | |||
r-devel-linux-x86_64-fedora-gcc | 0.5-1 | 257.33 | NOTE | |||
r-devel-windows-x86_64 | 0.5-1 | 44.00 | 248.00 | 292.00 | NOTE | |
r-patched-linux-x86_64 | 0.5-1 | 21.22 | 179.10 | 200.32 | OK | |
r-release-linux-x86_64 | 0.5-1 | 16.30 | 178.10 | 194.40 | OK | |
r-release-macos-arm64 | 0.5-1 | 71.00 | OK | |||
r-release-macos-x86_64 | 0.5-1 | 119.00 | OK | |||
r-release-windows-x86_64 | 0.5-1 | 52.00 | 255.00 | 307.00 | OK | |
r-oldrel-macos-arm64 | 0.5-1 | 118.00 | OK | |||
r-oldrel-macos-x86_64 | 0.5-1 | 165.00 | OK | |||
r-oldrel-windows-ix86+x86_64 | 0.5-1 | 127.00 | 245.00 | 372.00 | OK |
Version: 0.5-1
Check: Rd files
Result: NOTE
checkRd: (-1) Trancura9414001.Rd:27: Escaped LaTeX specials: \_
checkRd: (-1) Trancura9414001.Rd:28: Escaped LaTeX specials: \_
checkRd: (-1) hydroPSO.Rd:390: Escaped LaTeX specials: \&
checkRd: (-1) hydroPSO.Rd:408: Escaped LaTeX specials: \&
Flavors: r-devel-linux-x86_64-debian-clang, r-devel-linux-x86_64-debian-gcc, r-devel-linux-x86_64-fedora-clang, r-devel-linux-x86_64-fedora-gcc, r-devel-windows-x86_64