Last updated on 2022-06-27 03:51:15 CEST.
Flavor | Version | Tinstall | Tcheck | Ttotal | Status | Flags |
---|---|---|---|---|---|---|
r-devel-linux-x86_64-debian-clang | 2.0.2 | 66.09 | 57.50 | 123.59 | OK | |
r-devel-linux-x86_64-debian-gcc | 2.0.2 | 50.69 | 42.62 | 93.31 | OK | |
r-devel-linux-x86_64-fedora-clang | 2.0.2 | 197.19 | NOTE | |||
r-devel-linux-x86_64-fedora-gcc | 2.0.2 | 167.13 | NOTE | |||
r-devel-windows-x86_64 | 2.0.2 | 78.00 | 113.00 | 191.00 | OK | |
r-patched-linux-x86_64 | 2.0.2 | 60.90 | 54.11 | 115.01 | OK | |
r-release-linux-x86_64 | 2.0.2 | 60.00 | 55.08 | 115.08 | OK | |
r-release-macos-arm64 | 2.0.2 | 49.00 | OK | |||
r-release-macos-x86_64 | 2.0.2 | 63.00 | OK | |||
r-release-windows-x86_64 | 2.0.2 | 72.00 | 116.00 | 188.00 | OK | |
r-oldrel-macos-arm64 | 2.0.2 | 64.00 | OK | |||
r-oldrel-macos-x86_64 | 2.0.2 | 91.00 | OK | |||
r-oldrel-windows-ix86+x86_64 | 2.0.2 | 176.00 | 111.00 | 287.00 | OK |
Version: 2.0.2
Check: compiled code
Result: NOTE
File ‘hsphase/libs/hsphase.so’:
Found no calls to: ‘R_registerRoutines’, ‘R_useDynamicSymbols’
It is good practice to register native routines and to disable symbol
search.
See ‘Writing portable packages’ in the ‘Writing R Extensions’ manual.
Flavors: r-devel-linux-x86_64-fedora-clang, r-devel-linux-x86_64-fedora-gcc