Last updated on 2022-05-27 15:51:41 CEST.
Flavor | Version | Tinstall | Tcheck | Ttotal | Status | Flags |
---|---|---|---|---|---|---|
r-devel-linux-x86_64-debian-clang | 1.5.0 | 21.36 | 138.55 | 159.91 | OK | |
r-devel-linux-x86_64-debian-gcc | 1.5.0 | 17.74 | 101.60 | 119.34 | OK | |
r-devel-linux-x86_64-fedora-clang | 1.5.0 | 201.10 | NOTE | |||
r-devel-linux-x86_64-fedora-gcc | 1.5.0 | 194.49 | OK | |||
r-devel-windows-x86_64 | 1.5.0 | 104.00 | 175.00 | 279.00 | OK | |
r-patched-linux-x86_64 | 1.5.0 | 22.28 | 130.00 | 152.28 | OK | |
r-release-linux-x86_64 | 1.5.0 | 19.53 | 126.47 | 146.00 | OK | |
r-release-macos-arm64 | 1.5.0 | 48.00 | OK | |||
r-release-macos-x86_64 | 1.5.0 | 82.00 | OK | |||
r-release-windows-x86_64 | 1.5.0 | 94.00 | 161.00 | 255.00 | OK | |
r-oldrel-macos-arm64 | 1.5.0 | 52.00 | OK | |||
r-oldrel-macos-x86_64 | 1.5.0 | 70.00 | OK | |||
r-oldrel-windows-ix86+x86_64 | 1.5.0 | 39.00 | 163.00 | 202.00 | OK |
Version: 1.5.0
Check: Rd cross-references
Result: NOTE
Undeclared package ‘yaml’ in Rd xrefs
Flavor: r-devel-linux-x86_64-fedora-clang