CRAN Package Check Results for Package hlaR

Last updated on 2022-05-16 03:53:33 CEST.

Flavor Version Tinstall Tcheck Ttotal Status Flags
r-devel-linux-x86_64-debian-clang 0.1.2 15.75 178.72 194.47 OK
r-devel-linux-x86_64-debian-gcc 0.1.3 12.57 136.37 148.94 OK
r-devel-linux-x86_64-fedora-clang 0.1.3 192.66 NOTE
r-devel-linux-x86_64-fedora-gcc 0.1.3 268.54 NOTE
r-devel-windows-x86_64 0.1.3 13.00 218.00 231.00 OK
r-patched-linux-x86_64 0.1.3 15.17 172.60 187.77 OK
r-release-linux-x86_64 0.1.2 15.09 165.75 180.84 OK
r-release-macos-arm64 0.1.3 86.00 NOTE
r-release-macos-x86_64 0.1.3 113.00 NOTE
r-release-windows-x86_64 0.1.3 19.00 216.00 235.00 OK
r-oldrel-macos-arm64 0.1.3 89.00 NOTE
r-oldrel-macos-x86_64 0.1.3 115.00 NOTE
r-oldrel-windows-ix86+x86_64 0.1.2 33.00 265.00 298.00 OK

Check Details

Version: 0.1.3
Check: dependencies in R code
Result: NOTE
    Namespaces in Imports field not imported from:
     ‘here’ ‘readxlsb’ ‘usethis’
     All declared Imports should be used.
Flavors: r-devel-linux-x86_64-fedora-clang, r-devel-linux-x86_64-fedora-gcc, r-release-macos-arm64, r-release-macos-x86_64, r-oldrel-macos-arm64, r-oldrel-macos-x86_64