CRAN Package Check Results for Package hkevp

Last updated on 2022-06-27 03:51:15 CEST.

Flavor Version Tinstall Tcheck Ttotal Status Flags
r-devel-linux-x86_64-debian-clang 1.1.4 52.53 53.97 106.50 WARN
r-devel-linux-x86_64-debian-gcc 1.1.4 38.69 38.34 77.03 OK
r-devel-linux-x86_64-fedora-clang 1.1.4 153.11 WARN
r-devel-linux-x86_64-fedora-gcc 1.1.4 143.98 NOTE
r-devel-windows-x86_64 1.1.4 47.00 109.00 156.00 OK
r-patched-linux-x86_64 1.1.4 46.08 51.69 97.77 OK
r-release-linux-x86_64 1.1.4 43.70 51.40 95.10 OK
r-release-macos-arm64 1.1.4 38.00 NOTE
r-release-macos-x86_64 1.1.4 52.00 NOTE
r-release-windows-x86_64 1.1.4 47.00 113.00 160.00 OK
r-oldrel-macos-arm64 1.1.4 45.00 NOTE
r-oldrel-macos-x86_64 1.1.4 94.00 NOTE
r-oldrel-windows-ix86+x86_64 1.1.4 119.00 149.00 268.00 OK

Additional issues

clang14

Check Details

Version: 1.1.4
Check: whether package can be installed
Result: WARN
    Found the following significant warnings:
     hkevp.cpp:446:16: warning: use of bitwise '&' with boolean operands [-Wbitwise-instead-of-logical]
     hkevp.cpp:475:16: warning: use of bitwise '&' with boolean operands [-Wbitwise-instead-of-logical]
     hkevp.cpp:506:10: warning: use of bitwise '&' with boolean operands [-Wbitwise-instead-of-logical]
     hkevp.cpp:534:10: warning: use of bitwise '&' with boolean operands [-Wbitwise-instead-of-logical]
     hkevp.cpp:573:16: warning: use of bitwise '&' with boolean operands [-Wbitwise-instead-of-logical]
     hkevp.cpp:633:14: warning: use of bitwise '&' with boolean operands [-Wbitwise-instead-of-logical]
     hkevp.cpp:652:14: warning: use of bitwise '&' with boolean operands [-Wbitwise-instead-of-logical]
     hkevp.cpp:905:16: warning: use of bitwise '&' with boolean operands [-Wbitwise-instead-of-logical]
     hkevp.cpp:934:16: warning: use of bitwise '&' with boolean operands [-Wbitwise-instead-of-logical]
     hkevp.cpp:965:10: warning: use of bitwise '&' with boolean operands [-Wbitwise-instead-of-logical]
     hkevp.cpp:993:10: warning: use of bitwise '&' with boolean operands [-Wbitwise-instead-of-logical]
     hkevp.cpp:1251:16: warning: use of bitwise '&' with boolean operands [-Wbitwise-instead-of-logical]
     hkevp.cpp:1311:14: warning: use of bitwise '&' with boolean operands [-Wbitwise-instead-of-logical]
     hkevp.cpp:1330:14: warning: use of bitwise '&' with boolean operands [-Wbitwise-instead-of-logical]
Flavors: r-devel-linux-x86_64-debian-clang, r-devel-linux-x86_64-fedora-clang

Version: 1.1.4
Check: compiled code
Result: NOTE
    File ‘hkevp/libs/hkevp.so’:
     Found no calls to: ‘R_registerRoutines’, ‘R_useDynamicSymbols’
    
    It is good practice to register native routines and to disable symbol
    search.
    
    See ‘Writing portable packages’ in the ‘Writing R Extensions’ manual.
Flavors: r-devel-linux-x86_64-fedora-clang, r-devel-linux-x86_64-fedora-gcc

Version: 1.1.4
Check: installed package size
Result: NOTE
     installed size is 5.4Mb
     sub-directories of 1Mb or more:
     libs 5.2Mb
Flavors: r-release-macos-arm64, r-release-macos-x86_64, r-oldrel-macos-arm64, r-oldrel-macos-x86_64