Last updated on 2022-05-28 03:54:46 CEST.
Flavor | Version | Tinstall | Tcheck | Ttotal | Status | Flags |
---|---|---|---|---|---|---|
r-devel-linux-x86_64-debian-clang | 0.4.0 | 25.15 | 110.92 | 136.07 | OK | |
r-devel-linux-x86_64-debian-gcc | 0.4.0 | 22.06 | 83.74 | 105.80 | OK | |
r-devel-linux-x86_64-fedora-clang | 0.4.0 | 168.44 | NOTE | |||
r-devel-linux-x86_64-fedora-gcc | 0.4.0 | 162.56 | NOTE | |||
r-devel-windows-x86_64 | 0.4.0 | 29.00 | 140.00 | 169.00 | OK | |
r-patched-linux-x86_64 | 0.4.0 | 26.74 | 108.38 | 135.12 | OK | |
r-release-linux-x86_64 | 0.4.0 | 24.73 | 106.56 | 131.29 | OK | |
r-release-macos-arm64 | 0.4.0 | 45.00 | OK | |||
r-release-macos-x86_64 | 0.4.0 | 63.00 | OK | |||
r-release-windows-x86_64 | 0.4.0 | 29.00 | 148.00 | 177.00 | OK | |
r-oldrel-macos-arm64 | 0.4.0 | 49.00 | OK | |||
r-oldrel-macos-x86_64 | 0.4.0 | 70.00 | OK | |||
r-oldrel-windows-ix86+x86_64 | 0.4.0 | 66.00 | 186.00 | 252.00 | OK |
Version: 0.4.0
Check: compiled code
Result: NOTE
File ‘hit/libs/hit.so’:
Found no calls to: ‘R_registerRoutines’, ‘R_useDynamicSymbols’
It is good practice to register native routines and to disable symbol
search.
See ‘Writing portable packages’ in the ‘Writing R Extensions’ manual.
Flavors: r-devel-linux-x86_64-fedora-clang, r-devel-linux-x86_64-fedora-gcc