CRAN Package Check Results for Package histry

Last updated on 2022-06-28 03:51:33 CEST.

Flavor Version Tinstall Tcheck Ttotal Status Flags
r-devel-linux-x86_64-debian-clang 0.2.4 8.19 65.93 74.12 NOTE
r-devel-linux-x86_64-debian-gcc 0.2.4 6.51 51.08 57.59 NOTE
r-devel-linux-x86_64-fedora-clang 0.2.4 100.27 NOTE
r-devel-linux-x86_64-fedora-gcc 0.2.4 99.09 NOTE
r-devel-windows-x86_64 0.2.4 24.00 99.00 123.00 OK
r-patched-linux-x86_64 0.2.4 8.58 64.85 73.43 NOTE
r-release-linux-x86_64 0.2.4 8.24 65.10 73.34 NOTE
r-release-macos-arm64 0.2.4 33.00 NOTE
r-release-macos-x86_64 0.2.4 45.00 NOTE
r-release-windows-x86_64 0.2.4 27.00 98.00 125.00 OK
r-oldrel-macos-arm64 0.2.4 42.00 OK
r-oldrel-macos-x86_64 0.2.4 54.00 OK
r-oldrel-windows-ix86+x86_64 0.2.4 21.00 92.00 113.00 OK

Check Details

Version: 0.2.4
Check: package dependencies
Result: NOTE
    Package suggested but not available for checking: 'trackr'
Flavors: r-devel-linux-x86_64-debian-clang, r-devel-linux-x86_64-debian-gcc, r-devel-linux-x86_64-fedora-clang, r-devel-linux-x86_64-fedora-gcc, r-patched-linux-x86_64, r-release-linux-x86_64, r-release-macos-arm64, r-release-macos-x86_64