Last updated on 2023-12-06 03:50:01 CET.
Flavor | Version | Tinstall | Tcheck | Ttotal | Status | Flags |
---|---|---|---|---|---|---|
r-devel-linux-x86_64-debian-clang | 0.0.8 | 244.33 | 307.21 | 551.54 | NOTE | |
r-devel-linux-x86_64-debian-gcc | 0.0.8 | 190.84 | 231.42 | 422.26 | NOTE | |
r-devel-linux-x86_64-fedora-clang | 0.0.8 | 705.42 | NOTE | |||
r-devel-linux-x86_64-fedora-gcc | 0.0.8 | 751.40 | NOTE | |||
r-devel-windows-x86_64 | 0.0.8 | 165.00 | 248.00 | 413.00 | NOTE | |
r-release-linux-x86_64 | 0.0.8 | 169.91 | 301.38 | 471.29 | NOTE | |
r-release-macos-arm64 | 0.0.8 | 165.00 | NOTE | |||
r-release-macos-x86_64 | 0.0.8 | 398.00 | NOTE | |||
r-release-windows-x86_64 | 0.0.8 | 209.00 | 310.00 | 519.00 | NOTE | |
r-oldrel-macos-arm64 | 0.0.8 | 166.00 | NOTE | |||
r-oldrel-macos-x86_64 | 0.0.7 | 293.00 | NOTE | |||
r-oldrel-windows-x86_64 | 0.0.8 | 153.00 | 317.00 | 470.00 | NOTE |
Version: 0.0.8
Check: for GNU extensions in Makefiles
Result: NOTE
GNU make is a SystemRequirements.
Flavors: r-devel-linux-x86_64-debian-clang, r-devel-linux-x86_64-debian-gcc, r-devel-linux-x86_64-fedora-clang, r-devel-linux-x86_64-fedora-gcc, r-devel-windows-x86_64, r-release-linux-x86_64, r-release-macos-arm64, r-release-macos-x86_64, r-release-windows-x86_64, r-oldrel-macos-arm64, r-oldrel-windows-x86_64
Version: 0.0.8
Check: installed package size
Result: NOTE
installed size is 48.0Mb
sub-directories of 1Mb or more:
libs 47.5Mb
Flavors: r-release-macos-arm64, r-release-macos-x86_64, r-oldrel-macos-arm64
Version: 0.0.7
Check: installed package size
Result: NOTE
installed size is 52.1Mb
sub-directories of 1Mb or more:
libs 51.6Mb
Flavor: r-oldrel-macos-x86_64
Version: 0.0.7
Check: for GNU extensions in Makefiles
Result: NOTE
GNU make is a SystemRequirements.
Flavor: r-oldrel-macos-x86_64