CRAN Package Check Results for Package hipread

Last updated on 2022-06-26 15:53:01 CEST.

Flavor Version Tinstall Tcheck Ttotal Status Flags
r-devel-linux-x86_64-debian-clang 0.2.2 136.98 51.76 188.74 NOTE
r-devel-linux-x86_64-debian-gcc 0.2.2 121.81 38.49 160.30 NOTE
r-devel-linux-x86_64-fedora-clang 0.2.2 297.15 NOTE
r-devel-linux-x86_64-fedora-gcc 0.2.2 267.05 NOTE
r-devel-windows-x86_64 0.2.2 133.00 96.00 229.00 NOTE
r-patched-linux-x86_64 0.2.2 122.04 47.70 169.74 NOTE
r-release-linux-x86_64 0.2.2 138.60 47.79 186.39 NOTE
r-release-macos-arm64 0.2.2 63.00 NOTE
r-release-macos-x86_64 0.2.2 91.00 NOTE
r-release-windows-x86_64 0.2.2 129.00 96.00 225.00 NOTE
r-oldrel-macos-arm64 0.2.2 74.00 NOTE
r-oldrel-macos-x86_64 0.2.2 103.00 NOTE
r-oldrel-windows-ix86+x86_64 0.2.2 401.00 108.00 509.00 NOTE

Check Details

Version: 0.2.2
Check: LazyData
Result: NOTE
     'LazyData' is specified without a 'data' directory
Flavors: r-devel-linux-x86_64-debian-clang, r-devel-linux-x86_64-debian-gcc, r-devel-linux-x86_64-fedora-clang, r-devel-linux-x86_64-fedora-gcc, r-devel-windows-x86_64, r-patched-linux-x86_64, r-release-linux-x86_64, r-release-macos-arm64, r-release-macos-x86_64, r-release-windows-x86_64, r-oldrel-macos-arm64, r-oldrel-macos-x86_64, r-oldrel-windows-ix86+x86_64

Version: 0.2.2
Check: installed package size
Result: NOTE
     installed size is 5.1Mb
     sub-directories of 1Mb or more:
     libs 4.7Mb
Flavors: r-release-macos-arm64, r-oldrel-macos-arm64