CRAN Package Check Results for Package hildareadR

Last updated on 2023-06-10 03:56:24 CEST.

Flavor Version Tinstall Tcheck Ttotal Status Flags
r-devel-linux-x86_64-debian-clang 0.2.0 4.37 39.04 43.41 NOTE
r-devel-linux-x86_64-debian-gcc 0.2.0 3.66 29.82 33.48 NOTE
r-devel-linux-x86_64-fedora-clang 0.2.0 54.38 NOTE
r-devel-linux-x86_64-fedora-gcc 0.2.0 50.74 NOTE
r-devel-windows-x86_64 0.2.0 5.00 48.00 53.00 NOTE
r-patched-linux-x86_64 0.2.0 4.52 36.83 41.35 NOTE
r-release-linux-x86_64 0.2.0 2.85 37.31 40.16 NOTE
r-release-macos-arm64 0.2.0 21.00 NOTE
r-release-macos-x86_64 0.2.0 39.00 NOTE
r-release-windows-x86_64 0.2.0 7.00 54.00 61.00 NOTE
r-oldrel-macos-arm64 0.2.0 22.00 NOTE
r-oldrel-macos-x86_64 0.2.0 35.00 NOTE
r-oldrel-windows-x86_64 0.2.0 6.00 55.00 61.00 NOTE

Check Details

Version: 0.2.0
Check: LazyData
Result: NOTE
     'LazyData' is specified without a 'data' directory
Flavors: r-devel-linux-x86_64-debian-clang, r-devel-linux-x86_64-debian-gcc, r-devel-linux-x86_64-fedora-clang, r-devel-linux-x86_64-fedora-gcc, r-devel-windows-x86_64, r-patched-linux-x86_64, r-release-linux-x86_64, r-release-macos-arm64, r-release-macos-x86_64, r-release-windows-x86_64, r-oldrel-macos-arm64, r-oldrel-macos-x86_64, r-oldrel-windows-x86_64