CRAN Package Check Results for Package hildareadR

Last updated on 2022-05-28 15:50:59 CEST.

Flavor Version Tinstall Tcheck Ttotal Status Flags
r-devel-linux-x86_64-debian-clang 0.2.0 5.00 56.02 61.02 NOTE
r-devel-linux-x86_64-debian-gcc 0.2.0 3.93 41.78 45.71 NOTE
r-devel-linux-x86_64-fedora-clang 0.2.0 72.17 NOTE
r-devel-linux-x86_64-fedora-gcc 0.2.0 70.45 NOTE
r-devel-windows-x86_64 0.2.0 15.00 68.00 83.00 NOTE
r-patched-linux-x86_64 0.2.0 3.18 51.63 54.81 NOTE
r-release-linux-x86_64 0.2.0 3.11 52.47 55.58 NOTE
r-release-macos-arm64 0.2.0 22.00 NOTE
r-release-macos-x86_64 0.2.0 35.00 NOTE
r-release-windows-x86_64 0.2.0 13.00 70.00 83.00 NOTE
r-oldrel-macos-arm64 0.2.0 28.00 NOTE
r-oldrel-macos-x86_64 0.2.0 38.00 NOTE
r-oldrel-windows-ix86+x86_64 0.2.0 13.00 67.00 80.00 NOTE

Check Details

Version: 0.2.0
Check: LazyData
Result: NOTE
     'LazyData' is specified without a 'data' directory
Flavors: r-devel-linux-x86_64-debian-clang, r-devel-linux-x86_64-debian-gcc, r-devel-linux-x86_64-fedora-clang, r-devel-linux-x86_64-fedora-gcc, r-devel-windows-x86_64, r-patched-linux-x86_64, r-release-linux-x86_64, r-release-macos-arm64, r-release-macos-x86_64, r-release-windows-x86_64, r-oldrel-macos-arm64, r-oldrel-macos-x86_64, r-oldrel-windows-ix86+x86_64