CRAN Package Check Results for Package hhh4contacts

Last updated on 2022-05-21 04:59:11 CEST.

Flavor Version Tinstall Tcheck Ttotal Status Flags
r-devel-linux-x86_64-debian-clang 0.13.1 13.29 114.10 127.39 OK
r-devel-linux-x86_64-debian-gcc 0.13.1 9.71 84.73 94.44 OK
r-devel-linux-x86_64-fedora-clang 0.13.1 147.12 NOTE
r-devel-linux-x86_64-fedora-gcc 0.13.1 142.55 OK
r-devel-windows-x86_64 0.13.1 40.00 130.00 170.00 OK
r-patched-linux-x86_64 0.13.1 15.04 107.30 122.34 OK
r-release-linux-x86_64 0.13.1 8.36 106.28 114.64 OK
r-release-macos-arm64 0.13.1 43.00 OK
r-release-macos-x86_64 0.13.1 57.00 OK
r-release-windows-x86_64 0.13.1 28.00 129.00 157.00 OK
r-oldrel-macos-arm64 0.13.1 49.00 OK
r-oldrel-macos-x86_64 0.13.1 92.00 OK
r-oldrel-windows-ix86+x86_64 0.13.1 23.00 118.00 141.00 OK

Check Details

Version: 0.13.1
Check: Rd cross-references
Result: NOTE
    Undeclared packages ‘sp’, ‘rgeos’ in Rd xrefs
Flavor: r-devel-linux-x86_64-fedora-clang