CRAN Package Check Results for Package hexSticker

Last updated on 2022-08-17 15:49:55 CEST.

Flavor Version Tinstall Tcheck Ttotal Status Flags
r-devel-linux-x86_64-debian-clang 0.4.9 7.55 62.39 69.94 NOTE
r-devel-linux-x86_64-debian-gcc 0.4.9 NOTE
r-devel-linux-x86_64-fedora-clang 0.4.9 94.44 NOTE
r-devel-linux-x86_64-fedora-gcc 0.4.9 89.30 NOTE
r-devel-windows-x86_64 0.4.9 19.00 82.00 101.00 NOTE
r-patched-linux-x86_64 0.4.9 7.76 59.81 67.57 NOTE
r-release-linux-x86_64 0.4.9 6.28 59.57 65.85 NOTE
r-release-macos-arm64 0.4.9 29.00 NOTE
r-release-macos-x86_64 0.4.9 49.00 NOTE
r-release-windows-x86_64 0.4.9 25.00 86.00 111.00 NOTE
r-oldrel-macos-arm64 0.4.9 31.00 NOTE
r-oldrel-macos-x86_64 0.4.9 42.00 NOTE
r-oldrel-windows-ix86+x86_64 0.4.9 17.00 85.00 102.00 NOTE

Check Details

Version: 0.4.9
Check: LazyData
Result: NOTE
     'LazyData' is specified without a 'data' directory
Flavors: r-devel-linux-x86_64-debian-clang, r-devel-linux-x86_64-debian-gcc, r-devel-linux-x86_64-fedora-clang, r-devel-linux-x86_64-fedora-gcc, r-devel-windows-x86_64, r-patched-linux-x86_64, r-release-linux-x86_64, r-release-macos-arm64, r-release-macos-x86_64, r-release-windows-x86_64, r-oldrel-macos-arm64, r-oldrel-macos-x86_64, r-oldrel-windows-ix86+x86_64