CRAN Package Check Results for Package here

Last updated on 2022-05-22 15:53:20 CEST.

Flavor Version Tinstall Tcheck Ttotal Status Flags
r-devel-linux-x86_64-debian-clang 1.0.1 1.71 40.55 42.26 NOTE
r-devel-linux-x86_64-debian-gcc 1.0.1 1.75 30.84 32.59 NOTE
r-devel-linux-x86_64-fedora-clang 1.0.1 50.21 NOTE
r-devel-linux-x86_64-fedora-gcc 1.0.1 47.95 NOTE
r-devel-windows-x86_64 1.0.1 18.00 66.00 84.00 NOTE
r-patched-linux-x86_64 1.0.1 2.21 39.13 41.34 NOTE
r-release-linux-x86_64 1.0.1 1.91 39.42 41.33 NOTE
r-release-macos-arm64 1.0.1 25.00 NOTE
r-release-macos-x86_64 1.0.1 28.00 NOTE
r-release-windows-x86_64 1.0.1 21.00 65.00 86.00 NOTE
r-oldrel-macos-arm64 1.0.1 24.00 NOTE
r-oldrel-macos-x86_64 1.0.1 35.00 NOTE
r-oldrel-windows-ix86+x86_64 1.0.1 16.00 54.00 70.00 NOTE

Check Details

Version: 1.0.1
Check: LazyData
Result: NOTE
     'LazyData' is specified without a 'data' directory
Flavors: r-devel-linux-x86_64-debian-clang, r-devel-linux-x86_64-debian-gcc, r-devel-linux-x86_64-fedora-clang, r-devel-linux-x86_64-fedora-gcc, r-devel-windows-x86_64, r-patched-linux-x86_64, r-release-linux-x86_64, r-release-macos-arm64, r-release-macos-x86_64, r-release-windows-x86_64, r-oldrel-macos-arm64, r-oldrel-macos-x86_64, r-oldrel-windows-ix86+x86_64