Last updated on 2022-05-18 15:49:04 CEST.
Flavor | Version | Tinstall | Tcheck | Ttotal | Status | Flags |
---|---|---|---|---|---|---|
r-devel-linux-x86_64-debian-clang | 1.3-9 | 6.80 | 133.80 | 140.60 | OK | |
r-devel-linux-x86_64-debian-gcc | 1.3-9 | 5.89 | 95.09 | 100.98 | OK | |
r-devel-linux-x86_64-fedora-clang | 1.3-9 | 159.44 | NOTE | |||
r-devel-linux-x86_64-fedora-gcc | 1.3-9 | 163.48 | OK | |||
r-devel-windows-x86_64 | 1.3-9 | 48.00 | 207.00 | 255.00 | OK | |
r-patched-linux-x86_64 | 1.3-9 | 8.28 | 123.16 | 131.44 | OK | |
r-release-linux-x86_64 | 1.3-9 | 7.19 | 121.82 | 129.01 | OK | |
r-release-macos-arm64 | 1.3-9 | 50.00 | OK | |||
r-release-macos-x86_64 | 1.3-9 | 79.00 | OK | |||
r-release-windows-x86_64 | 1.3-9 | 52.00 | 200.00 | 252.00 | OK | |
r-oldrel-macos-arm64 | 1.3-9 | 67.00 | OK | |||
r-oldrel-macos-x86_64 | 1.3-9 | 79.00 | OK | |||
r-oldrel-windows-ix86+x86_64 | 1.3-9 | 15.00 | 160.00 | 175.00 | OK |
Version: 1.3-9
Check: Rd cross-references
Result: NOTE
Undeclared packages ‘Sleuth2’, ‘rrcov’, ‘carData’, ‘qqtest’ in Rd xrefs
Flavor: r-devel-linux-x86_64-fedora-clang