Last updated on 2022-07-01 03:53:51 CEST.
Flavor | Version | Tinstall | Tcheck | Ttotal | Status | Flags |
---|---|---|---|---|---|---|
r-devel-linux-x86_64-debian-clang | 3.4 | 6.26 | 47.97 | 54.23 | OK | |
r-devel-linux-x86_64-debian-gcc | 3.4 | 3.76 | 36.21 | 39.97 | OK | |
r-devel-linux-x86_64-fedora-clang | 3.4 | 78.23 | OK | |||
r-devel-linux-x86_64-fedora-gcc | 3.4 | 81.97 | OK | |||
r-devel-windows-x86_64 | 3.4 | 23.00 | 78.00 | 101.00 | OK | |
r-patched-linux-x86_64 | 3.4 | 6.71 | 46.60 | 53.31 | OK | |
r-release-linux-x86_64 | 3.4 | 6.57 | 46.57 | 53.14 | OK | |
r-release-macos-arm64 | 3.4 | 26.00 | OK | |||
r-release-macos-x86_64 | 3.4 | 32.00 | OK | |||
r-release-windows-x86_64 | 3.4 | 23.00 | 80.00 | 103.00 | OK | |
r-oldrel-macos-arm64 | 3.4 | 33.00 | OK | |||
r-oldrel-macos-x86_64 | 3.4 | 48.00 | OK | |||
r-oldrel-windows-ix86+x86_64 | 3.4 | 1.00 | 10.00 | 11.00 | ERROR |
Version: 3.4
Check: whether package can be installed
Result: ERROR
Installation failed.
Flavor: r-oldrel-windows-ix86+x86_64