CRAN Package Check Results for Package hdlm

Last updated on 2022-05-23 03:56:57 CEST.

Flavor Version Tinstall Tcheck Ttotal Status Flags
r-devel-linux-x86_64-debian-clang 1.3.1 12.75 113.15 125.90 OK
r-devel-linux-x86_64-debian-gcc 1.3.1 9.85 85.95 95.80 OK
r-devel-linux-x86_64-fedora-clang 1.3.1 157.12 NOTE
r-devel-linux-x86_64-fedora-gcc 1.3.1 154.81 NOTE
r-devel-windows-x86_64 1.3.1 22.00 167.00 189.00 OK
r-patched-linux-x86_64 1.3.1 12.24 108.89 121.13 OK
r-release-linux-x86_64 1.3.1 10.94 106.12 117.06 OK
r-release-macos-arm64 1.3.1 54.00 OK
r-release-macos-x86_64 1.3.1 72.00 OK
r-release-windows-x86_64 1.3.1 23.00 169.00 192.00 OK
r-oldrel-macos-arm64 1.3.1 83.00 OK
r-oldrel-macos-x86_64 1.3.1 91.00 OK
r-oldrel-windows-ix86+x86_64 1.3.1 27.00 158.00 185.00 OK

Check Details

Version: 1.3.1
Check: compiled code
Result: NOTE
    File ‘hdlm/libs/hdlm.so’:
     Found no calls to: ‘R_registerRoutines’, ‘R_useDynamicSymbols’
    
    It is good practice to register native routines and to disable symbol
    search.
    
    See ‘Writing portable packages’ in the ‘Writing R Extensions’ manual.
Flavors: r-devel-linux-x86_64-fedora-clang, r-devel-linux-x86_64-fedora-gcc