CRAN Package Check Results for Package hdiVAR

Last updated on 2022-08-07 15:55:51 CEST.

Flavor Version Tinstall Tcheck Ttotal Status Flags
r-devel-linux-x86_64-debian-clang 1.0.1 2.04 31.52 33.56 NOTE
r-devel-linux-x86_64-debian-gcc 1.0.1 2.21 24.06 26.27 NOTE
r-devel-linux-x86_64-fedora-clang 1.0.1 50.74 NOTE
r-devel-linux-x86_64-fedora-gcc 1.0.1 51.85 NOTE
r-devel-windows-x86_64 1.0.1 13.00 60.00 73.00 NOTE
r-patched-linux-x86_64 1.0.1 2.90 29.52 32.42 NOTE
r-release-linux-x86_64 1.0.1 2.00 29.73 31.73 NOTE
r-release-macos-arm64 1.0.1 17.00 NOTE
r-release-macos-x86_64 1.0.1 23.00 NOTE
r-release-windows-x86_64 1.0.1 12.00 56.00 68.00 NOTE
r-oldrel-macos-arm64 1.0.1 20.00 NOTE
r-oldrel-macos-x86_64 1.0.1 37.00 NOTE
r-oldrel-windows-ix86+x86_64 1.0.1 6.00 49.00 55.00 NOTE

Check Details

Version: 1.0.1
Check: LazyData
Result: NOTE
     'LazyData' is specified without a 'data' directory
Flavors: r-devel-linux-x86_64-debian-clang, r-devel-linux-x86_64-debian-gcc, r-devel-linux-x86_64-fedora-clang, r-devel-linux-x86_64-fedora-gcc, r-devel-windows-x86_64, r-patched-linux-x86_64, r-release-linux-x86_64, r-release-macos-arm64, r-release-macos-x86_64, r-release-windows-x86_64, r-oldrel-macos-arm64, r-oldrel-macos-x86_64, r-oldrel-windows-ix86+x86_64