CRAN Package Check Results for Package hdbinseg

Last updated on 2022-06-28 03:51:33 CEST.

Flavor Version Tinstall Tcheck Ttotal Status Flags
r-devel-linux-x86_64-debian-clang 1.0.1 25.92 41.61 67.53 NOTE
r-devel-linux-x86_64-debian-gcc 1.0.1 24.71 31.40 56.11 NOTE
r-devel-linux-x86_64-fedora-clang 1.0.1 105.31 NOTE
r-devel-linux-x86_64-fedora-gcc 1.0.1 101.34 NOTE
r-devel-windows-x86_64 1.0.1 32.00 81.00 113.00 NOTE
r-patched-linux-x86_64 1.0.1 28.38 41.16 69.54 NOTE
r-release-linux-x86_64 1.0.1 23.38 40.10 63.48 NOTE
r-release-macos-arm64 1.0.1 31.00 NOTE
r-release-macos-x86_64 1.0.1 37.00 NOTE
r-release-windows-x86_64 1.0.1 41.00 82.00 123.00 NOTE
r-oldrel-macos-arm64 1.0.1 37.00 NOTE
r-oldrel-macos-x86_64 1.0.1 49.00 NOTE
r-oldrel-windows-ix86+x86_64 1.0.1 72.00 89.00 161.00 NOTE

Check Details

Version: 1.0.1
Check: LazyData
Result: NOTE
     'LazyData' is specified without a 'data' directory
Flavors: r-devel-linux-x86_64-debian-clang, r-devel-linux-x86_64-debian-gcc, r-devel-linux-x86_64-fedora-clang, r-devel-linux-x86_64-fedora-gcc, r-devel-windows-x86_64, r-patched-linux-x86_64, r-release-linux-x86_64, r-release-macos-arm64, r-release-macos-x86_64, r-release-windows-x86_64, r-oldrel-macos-arm64, r-oldrel-macos-x86_64, r-oldrel-windows-ix86+x86_64