CRAN Package Check Results for Package harmony

Last updated on 2022-05-17 15:53:19 CEST.

Flavor Version Tinstall Tcheck Ttotal Status Flags
r-devel-linux-x86_64-debian-clang 0.1.0 50.53 108.97 159.50 OK
r-devel-linux-x86_64-debian-gcc 0.1.0 38.37 81.32 119.69 OK
r-devel-linux-x86_64-fedora-clang 0.1.0 206.75 NOTE
r-devel-linux-x86_64-fedora-gcc 0.1.0 202.82 OK
r-devel-windows-x86_64 0.1.0 49.00 150.00 199.00 OK
r-patched-linux-x86_64 0.1.0 47.07 104.54 151.61 OK
r-release-linux-x86_64 0.1.0 45.79 104.06 149.85 OK
r-release-macos-arm64 0.1.0 50.00 NOTE
r-release-macos-x86_64 0.1.0 100.00 NOTE
r-release-windows-x86_64 0.1.0 49.00 148.00 197.00 OK
r-oldrel-macos-arm64 0.1.0 76.00 NOTE
r-oldrel-macos-x86_64 0.1.0 69.00 NOTE
r-oldrel-windows-ix86+x86_64 0.1.0 120.00 168.00 288.00 OK

Check Details

Version: 0.1.0
Check: installed package size
Result: NOTE
     installed size is 5.4Mb
     sub-directories of 1Mb or more:
     doc 1.4Mb
     libs 3.3Mb
Flavors: r-devel-linux-x86_64-fedora-clang, r-release-macos-arm64, r-release-macos-x86_64, r-oldrel-macos-arm64, r-oldrel-macos-x86_64