Last updated on 2023-12-07 04:01:54 CET.
Flavor | Version | Tinstall | Tcheck | Ttotal | Status | Flags |
---|---|---|---|---|---|---|
r-devel-linux-x86_64-debian-clang | 0.2.0 | 10.06 | 81.78 | 91.84 | NOTE | |
r-devel-linux-x86_64-debian-gcc | 0.2.0 | 8.14 | 60.54 | 68.68 | NOTE | |
r-devel-linux-x86_64-fedora-clang | 0.2.0 | 108.61 | OK | |||
r-devel-linux-x86_64-fedora-gcc | 0.2.0 | 102.98 | OK | |||
r-devel-windows-x86_64 | 0.2.0 | 10.00 | 75.00 | 85.00 | OK | |
r-patched-linux-x86_64 | 0.2.0 | 7.57 | 76.20 | 83.77 | OK | |
r-release-linux-x86_64 | 0.2.0 | 6.67 | 75.49 | 82.16 | OK | |
r-release-macos-arm64 | 0.2.0 | 33.00 | OK | |||
r-release-macos-x86_64 | 0.2.0 | 53.00 | OK | |||
r-release-windows-x86_64 | 0.2.0 | 12.00 | 85.00 | 97.00 | OK | |
r-oldrel-macos-arm64 | 0.2.0 | 34.00 | OK | |||
r-oldrel-macos-x86_64 | 0.2.0 | 60.00 | OK | |||
r-oldrel-windows-x86_64 | 0.2.0 | 13.00 | 92.00 | 105.00 | OK |
Version: 0.2.0
Check: Rd files
Result: NOTE
checkRd: (-1) get_Basin.Rd:19: Lost braces; missing escapes or markup?
19 | looking at {nhdplusTools} as that has a lot of functionality and better documentation.
| ^
checkRd: (-1) get_basin_interactively.Rd:35: Lost braces; missing escapes or markup?
35 | shiny app. It uses the {elevatr} package for DEM and {whitebox} package to delineate the watershed.
| ^
checkRd: (-1) get_basin_interactively.Rd:35: Lost braces; missing escapes or markup?
35 | shiny app. It uses the {elevatr} package for DEM and {whitebox} package to delineate the watershed.
| ^
Flavors: r-devel-linux-x86_64-debian-clang, r-devel-linux-x86_64-debian-gcc