CRAN Package Check Results for Package guardianapi

Last updated on 2022-05-21 15:49:56 CEST.

Flavor Version Tinstall Tcheck Ttotal Status Flags
r-devel-linux-x86_64-debian-clang 0.1.1 6.92 65.43 72.35 NOTE
r-devel-linux-x86_64-debian-gcc 0.1.1 5.16 49.14 54.30 NOTE
r-devel-linux-x86_64-fedora-clang 0.1.1 84.66 NOTE
r-devel-linux-x86_64-fedora-gcc 0.1.1 80.36 NOTE
r-devel-windows-x86_64 0.1.1 20.00 84.00 104.00 NOTE
r-patched-linux-x86_64 0.1.1 4.91 61.73 66.64 NOTE
r-release-linux-x86_64 0.1.1 4.91 61.11 66.02 NOTE
r-release-macos-arm64 0.1.1 28.00 NOTE
r-release-macos-x86_64 0.1.1 46.00 NOTE
r-release-windows-x86_64 0.1.1 23.00 84.00 107.00 NOTE
r-oldrel-macos-arm64 0.1.1 29.00 NOTE
r-oldrel-macos-x86_64 0.1.1 41.00 NOTE
r-oldrel-windows-ix86+x86_64 0.1.1 14.00 73.00 87.00 NOTE

Check Details

Version: 0.1.1
Check: LazyData
Result: NOTE
     'LazyData' is specified without a 'data' directory
Flavors: r-devel-linux-x86_64-debian-clang, r-devel-linux-x86_64-debian-gcc, r-devel-linux-x86_64-fedora-clang, r-devel-linux-x86_64-fedora-gcc, r-devel-windows-x86_64, r-patched-linux-x86_64, r-release-linux-x86_64, r-release-macos-arm64, r-release-macos-x86_64, r-release-windows-x86_64, r-oldrel-macos-arm64, r-oldrel-macos-x86_64, r-oldrel-windows-ix86+x86_64