CRAN Package Check Results for Package gt

Last updated on 2024-02-26 03:59:10 CET.

Flavor Version Tinstall Tcheck Ttotal Status Flags
r-devel-linux-x86_64-debian-clang 0.10.1 36.16 296.96 333.12 OK
r-devel-linux-x86_64-debian-gcc 0.10.1 26.47 221.93 248.40 OK
r-devel-linux-x86_64-fedora-clang 0.10.1 427.23 NOTE
r-devel-linux-x86_64-fedora-gcc 0.10.1 402.20 NOTE
r-devel-windows-x86_64 0.10.1 31.00 248.00 279.00 OK
r-patched-linux-x86_64 0.10.1 36.78 291.48 328.26 OK
r-release-linux-x86_64 0.10.1 22.67 284.65 307.32 OK
r-release-macos-arm64 0.10.1 93.00 NOTE
r-release-macos-x86_64 0.10.1 190.00 NOTE
r-release-windows-x86_64 0.10.1 42.00 315.00 357.00 OK
r-oldrel-macos-arm64 0.10.1 82.00 OK
r-oldrel-windows-x86_64 0.10.1 42.00 207.00 249.00 OK

Check Details

Version: 0.10.1
Check: installed package size
Result: NOTE installed size is 5.1Mb sub-directories of 1Mb or more: R 1.4Mb help 1.9Mb Flavors: r-devel-linux-x86_64-fedora-clang, r-release-macos-arm64, r-release-macos-x86_64

Version: 0.10.1
Check: data for non-ASCII characters
Result: NOTE Note: found 146 marked UTF-8 strings Flavors: r-devel-linux-x86_64-fedora-clang, r-devel-linux-x86_64-fedora-gcc