Last updated on 2022-05-22 03:51:26 CEST.
Flavor | Version | Tinstall | Tcheck | Ttotal | Status | Flags |
---|---|---|---|---|---|---|
r-devel-linux-x86_64-debian-clang | 0.5.0 | 20.29 | 467.49 | 487.78 | OK | |
r-devel-linux-x86_64-debian-gcc | 0.5.0 | 16.39 | 346.58 | 362.97 | OK | |
r-devel-linux-x86_64-fedora-clang | 0.5.0 | 537.59 | NOTE | |||
r-devel-linux-x86_64-fedora-gcc | 0.5.0 | 537.12 | NOTE | |||
r-devel-windows-x86_64 | 0.5.0 | 134.00 | 488.00 | 622.00 | NOTE | |
r-patched-linux-x86_64 | 0.5.0 | 22.54 | 430.00 | 452.54 | OK | |
r-release-linux-x86_64 | 0.5.0 | 19.50 | 442.87 | 462.37 | OK | |
r-release-macos-arm64 | 0.5.0 | 165.00 | NOTE | |||
r-release-macos-x86_64 | 0.5.0 | 184.00 | NOTE | |||
r-release-windows-x86_64 | 0.5.0 | 117.00 | 481.00 | 598.00 | NOTE | |
r-oldrel-macos-arm64 | 0.5.0 | 141.00 | NOTE | |||
r-oldrel-macos-x86_64 | 0.5.0 | 198.00 | NOTE | |||
r-oldrel-windows-ix86+x86_64 | 0.5.0 | 36.00 | 497.00 | 533.00 | NOTE |
Version: 0.5.0
Check: installed package size
Result: NOTE
installed size is 6.3Mb
sub-directories of 1Mb or more:
help 4.6Mb
Flavors: r-devel-linux-x86_64-fedora-clang, r-devel-windows-x86_64, r-release-macos-arm64, r-release-macos-x86_64, r-release-windows-x86_64, r-oldrel-macos-arm64, r-oldrel-macos-x86_64, r-oldrel-windows-ix86+x86_64
Version: 0.5.0
Check: data for non-ASCII characters
Result: NOTE
Note: found 116 marked UTF-8 strings
Flavors: r-devel-linux-x86_64-fedora-clang, r-devel-linux-x86_64-fedora-gcc, r-release-macos-arm64, r-release-macos-x86_64, r-oldrel-macos-arm64, r-oldrel-macos-x86_64