Last updated on 2022-05-17 04:50:33 CEST.
Flavor | Version | Tinstall | Tcheck | Ttotal | Status | Flags |
---|---|---|---|---|---|---|
r-devel-linux-x86_64-debian-clang | 1.2.1 | 59.64 | 137.16 | 196.80 | OK | |
r-devel-linux-x86_64-debian-gcc | 1.2.1 | 52.47 | 100.91 | 153.38 | OK | |
r-devel-linux-x86_64-fedora-clang | 1.2.1 | 251.52 | OK | |||
r-devel-linux-x86_64-fedora-gcc | 1.2.1 | 238.10 | OK | |||
r-devel-windows-x86_64 | 1.2.1 | 51.00 | 159.00 | 210.00 | OK | |
r-patched-linux-x86_64 | 1.2.1 | 53.43 | 125.80 | 179.23 | OK | |
r-release-linux-x86_64 | 1.2.1 | 55.97 | 129.69 | 185.66 | OK | |
r-release-macos-arm64 | 1.2.1 | 61.00 | OK | |||
r-release-macos-x86_64 | 1.2.1 | 124.00 | OK | |||
r-release-windows-x86_64 | 1.2.1 | 56.00 | 154.00 | 210.00 | OK | |
r-oldrel-macos-arm64 | 1.2.1 | 67.00 | NOTE | |||
r-oldrel-macos-x86_64 | 1.2.1 | 81.00 | OK | |||
r-oldrel-windows-ix86+x86_64 | 1.2.1 | 139.00 | 185.00 | 324.00 | OK |
Version: 1.2.1
Check: installed package size
Result: NOTE
installed size is 5.5Mb
sub-directories of 1Mb or more:
libs 5.1Mb
Flavor: r-oldrel-macos-arm64