Last updated on 2022-05-26 03:53:10 CEST.
Flavor | Version | Tinstall | Tcheck | Ttotal | Status | Flags |
---|---|---|---|---|---|---|
r-devel-linux-x86_64-debian-clang | 0.1.0 | 4.72 | 67.59 | 72.31 | NOTE | |
r-devel-linux-x86_64-debian-gcc | 0.1.0 | 4.16 | 50.07 | 54.23 | NOTE | |
r-devel-linux-x86_64-fedora-clang | 0.1.0 | 84.48 | NOTE | |||
r-devel-linux-x86_64-fedora-gcc | 0.1.0 | 82.05 | NOTE | |||
r-devel-windows-x86_64 | 0.1.0 | 17.00 | 82.00 | 99.00 | NOTE | |
r-patched-linux-x86_64 | 0.1.0 | 5.13 | 62.69 | 67.82 | NOTE | |
r-release-linux-x86_64 | 0.1.0 | NOTE | ||||
r-release-macos-arm64 | 0.1.0 | 26.00 | NOTE | |||
r-release-macos-x86_64 | 0.1.0 | 50.00 | NOTE | |||
r-release-windows-x86_64 | 0.1.0 | 19.00 | 83.00 | 102.00 | NOTE | |
r-oldrel-macos-arm64 | 0.1.0 | 31.00 | NOTE | |||
r-oldrel-macos-x86_64 | 0.1.0 | 46.00 | NOTE | |||
r-oldrel-windows-ix86+x86_64 | 0.1.0 | 14.00 | 76.00 | 90.00 | NOTE |
Version: 0.1.0
Check: LazyData
Result: NOTE
'LazyData' is specified without a 'data' directory
Flavors: r-devel-linux-x86_64-debian-clang, r-devel-linux-x86_64-debian-gcc, r-devel-linux-x86_64-fedora-clang, r-devel-linux-x86_64-fedora-gcc, r-devel-windows-x86_64, r-patched-linux-x86_64, r-release-linux-x86_64, r-release-macos-arm64, r-release-macos-x86_64, r-release-windows-x86_64, r-oldrel-macos-arm64, r-oldrel-macos-x86_64, r-oldrel-windows-ix86+x86_64