CRAN Package Check Results for Package groupICA

Last updated on 2022-05-28 15:50:58 CEST.

Flavor Version Tinstall Tcheck Ttotal Status Flags
r-devel-linux-x86_64-debian-clang 0.1.1 2.09 33.16 35.25 NOTE
r-devel-linux-x86_64-debian-gcc 0.1.1 1.83 25.62 27.45 NOTE
r-devel-linux-x86_64-fedora-clang 0.1.1 43.21 NOTE
r-devel-linux-x86_64-fedora-gcc 0.1.1 41.51 NOTE
r-devel-windows-x86_64 0.1.1 8.00 49.00 57.00 NOTE
r-patched-linux-x86_64 0.1.1 1.67 32.38 34.05 NOTE
r-release-linux-x86_64 0.1.1 1.83 32.59 34.42 NOTE
r-release-macos-arm64 0.1.1 15.00 NOTE
r-release-macos-x86_64 0.1.1 23.00 NOTE
r-release-windows-x86_64 0.1.1 6.00 48.00 54.00 NOTE
r-oldrel-macos-arm64 0.1.1 17.00 NOTE
r-oldrel-macos-x86_64 0.1.1 27.00 NOTE
r-oldrel-windows-ix86+x86_64 0.1.1 5.00 41.00 46.00 NOTE

Check Details

Version: 0.1.1
Check: LazyData
Result: NOTE
     'LazyData' is specified without a 'data' directory
Flavors: r-devel-linux-x86_64-debian-clang, r-devel-linux-x86_64-debian-gcc, r-devel-linux-x86_64-fedora-clang, r-devel-linux-x86_64-fedora-gcc, r-devel-windows-x86_64, r-patched-linux-x86_64, r-release-linux-x86_64, r-release-macos-arm64, r-release-macos-x86_64, r-release-windows-x86_64, r-oldrel-macos-arm64, r-oldrel-macos-x86_64, r-oldrel-windows-ix86+x86_64