CRAN Package Check Results for Package gridtext

Last updated on 2022-09-25 15:56:43 CEST.

Flavor Version Tinstall Tcheck Ttotal Status Flags
r-devel-linux-x86_64-debian-clang 0.1.5 42.99 43.71 86.70 OK
r-devel-linux-x86_64-debian-gcc 0.1.5 38.89 33.51 72.40 OK
r-devel-linux-x86_64-fedora-clang 0.1.5 139.51 OK
r-devel-linux-x86_64-fedora-gcc 0.1.5 142.78 OK
r-devel-windows-x86_64 0.1.4 69.00 88.00 157.00 NOTE
r-patched-linux-x86_64 0.1.5 36.85 42.22 79.07 OK
r-release-linux-x86_64 0.1.5 39.93 40.73 80.66 OK
r-release-macos-arm64 0.1.5 37.00 OK
r-release-macos-x86_64 0.1.5 45.00 OK
r-release-windows-x86_64 0.1.5 63.00 89.00 152.00 OK
r-oldrel-macos-arm64 0.1.5 41.00 OK
r-oldrel-macos-x86_64 0.1.5 53.00 OK
r-oldrel-windows-ix86+x86_64 0.1.5 108.00 98.00 206.00 OK

Check Details

Version: 0.1.4
Check: LazyData
Result: NOTE
     'LazyData' is specified without a 'data' directory
Flavor: r-devel-windows-x86_64