CRAN Package Check Results for Package gridBase

Last updated on 2024-02-21 03:57:09 CET.

Flavor Version Tinstall Tcheck Ttotal Status Flags
r-devel-linux-x86_64-debian-clang 0.4-7 NOTE
r-devel-linux-x86_64-debian-gcc 0.4-7 1.53 21.99 23.52 NOTE
r-devel-linux-x86_64-fedora-clang 0.4-7 39.56 NOTE
r-devel-linux-x86_64-fedora-gcc 0.4-7 48.67 NOTE
r-devel-windows-x86_64 0.4-7 3.00 58.00 61.00 NOTE
r-patched-linux-x86_64 0.4-7 2.41 27.70 30.11 NOTE
r-release-linux-x86_64 0.4-7 1.79 27.66 29.45 NOTE
r-release-macos-arm64 0.4-7 24.00 NOTE
r-release-macos-x86_64 0.4-7 33.00 NOTE
r-release-windows-x86_64 0.4-7 2.00 53.00 55.00 NOTE
r-oldrel-macos-arm64 0.4-7 19.00 NOTE
r-oldrel-windows-x86_64 0.4-7 4.00 56.00 60.00 NOTE

Check Details

Version: 0.4-7
Check: DESCRIPTION meta-information
Result: NOTE Malformed Description field: should contain one or more complete sentences. Flavors: r-devel-linux-x86_64-debian-clang, r-devel-linux-x86_64-debian-gcc, r-devel-linux-x86_64-fedora-clang, r-devel-linux-x86_64-fedora-gcc, r-devel-windows-x86_64, r-patched-linux-x86_64, r-release-linux-x86_64, r-release-macos-arm64, r-release-macos-x86_64, r-release-windows-x86_64, r-oldrel-macos-arm64, r-oldrel-windows-x86_64