CRAN Package Check Results for Package graphlayouts

Last updated on 2022-06-29 03:52:41 CEST.

Flavor Version Tinstall Tcheck Ttotal Status Flags
r-devel-linux-x86_64-debian-clang 0.8.0 73.63 47.20 120.83 OK
r-devel-linux-x86_64-debian-gcc 0.8.0 59.59 36.37 95.96 OK
r-devel-linux-x86_64-fedora-clang 0.8.0 193.11 NOTE
r-devel-linux-x86_64-fedora-gcc 0.8.0 167.90 OK
r-devel-windows-x86_64 0.8.0 120.00 94.00 214.00 OK
r-patched-linux-x86_64 0.8.0 61.26 45.69 106.95 OK
r-release-linux-x86_64 0.8.0 64.54 45.72 110.26 OK
r-release-macos-arm64 0.8.0 44.00 NOTE
r-release-macos-x86_64 0.8.0 58.00 NOTE
r-release-windows-x86_64 0.8.0 102.00 99.00 201.00 OK
r-oldrel-macos-arm64 0.8.0 39.00 NOTE
r-oldrel-macos-x86_64 0.8.0 65.00 NOTE
r-oldrel-windows-ix86+x86_64 0.8.0 188.00 105.00 293.00 OK

Check Details

Version: 0.8.0
Check: installed package size
Result: NOTE
     installed size is 5.1Mb
     sub-directories of 1Mb or more:
     help 2.4Mb
     libs 2.5Mb
Flavors: r-devel-linux-x86_64-fedora-clang, r-release-macos-arm64, r-release-macos-x86_64, r-oldrel-macos-arm64, r-oldrel-macos-x86_64