Last updated on 2025-01-24 15:50:46 CET.
Flavor | Version | Tinstall | Tcheck | Ttotal | Status | Flags |
---|---|---|---|---|---|---|
r-devel-linux-x86_64-debian-clang | 1.1 | 217.16 | 39.80 | 256.96 | OK | |
r-devel-linux-x86_64-debian-gcc | 1.1 | 140.20 | 23.81 | 164.01 | OK | |
r-devel-linux-x86_64-fedora-clang | 1.1 | 557.44 | OK | |||
r-devel-linux-x86_64-fedora-gcc | 1.1 | 513.77 | OK | |||
r-devel-windows-x86_64 | 1.1 | 221.00 | 76.00 | 297.00 | OK | |
r-patched-linux-x86_64 | 1.1 | 204.98 | 29.28 | 234.26 | OK | |
r-release-linux-x86_64 | 1.1 | 195.45 | 29.17 | 224.62 | OK | |
r-release-macos-arm64 | 1.1 | 82.00 | NOTE | |||
r-release-macos-x86_64 | 1.1 | 105.00 | NOTE | |||
r-release-windows-x86_64 | 1.1 | 217.00 | 70.00 | 287.00 | OK | |
r-oldrel-macos-arm64 | 1.1 | 90.00 | NOTE | |||
r-oldrel-macos-x86_64 | 1.1 | 102.00 | NOTE | |||
r-oldrel-windows-x86_64 | 1.1 | 253.00 | 82.00 | 335.00 | OK |
Version: 1.1
Check: installed package size
Result: NOTE
installed size is 5.9Mb
sub-directories of 1Mb or more:
libs 5.8Mb
Flavors: r-release-macos-arm64, r-release-macos-x86_64, r-oldrel-macos-arm64, r-oldrel-macos-x86_64