CRAN Package Check Results for Package graphhopper

Last updated on 2022-05-26 03:53:10 CEST.

Flavor Version Tinstall Tcheck Ttotal Status Flags
r-devel-linux-x86_64-debian-clang 0.1.2 2.21 37.42 39.63 NOTE
r-devel-linux-x86_64-debian-gcc 0.1.2 1.97 28.81 30.78 NOTE
r-devel-linux-x86_64-fedora-clang 0.1.2 47.45 NOTE
r-devel-linux-x86_64-fedora-gcc 0.1.2 57.15 NOTE
r-devel-windows-x86_64 0.1.2 38.00 67.00 105.00 NOTE
r-patched-linux-x86_64 0.1.2 2.01 35.78 37.79 NOTE
r-release-linux-x86_64 0.1.2 NOTE
r-release-macos-arm64 0.1.2 24.00 NOTE
r-release-macos-x86_64 0.1.2 38.00 NOTE
r-release-windows-x86_64 0.1.2 46.00 67.00 113.00 NOTE
r-oldrel-macos-arm64 0.1.2 27.00 NOTE
r-oldrel-macos-x86_64 0.1.2 48.00 NOTE
r-oldrel-windows-ix86+x86_64 0.1.2 6.00 52.00 58.00 NOTE

Check Details

Version: 0.1.2
Check: LazyData
Result: NOTE
     'LazyData' is specified without a 'data' directory
Flavors: r-devel-linux-x86_64-debian-clang, r-devel-linux-x86_64-debian-gcc, r-devel-linux-x86_64-fedora-clang, r-devel-linux-x86_64-fedora-gcc, r-devel-windows-x86_64, r-patched-linux-x86_64, r-release-linux-x86_64, r-release-macos-arm64, r-release-macos-x86_64, r-release-windows-x86_64, r-oldrel-macos-arm64, r-oldrel-macos-x86_64, r-oldrel-windows-ix86+x86_64