CRAN Package Check Results for Package graphframes

Last updated on 2022-05-24 03:55:12 CEST.

Flavor Version Tinstall Tcheck Ttotal Status Flags
r-devel-linux-x86_64-debian-clang 0.1.2 8.14 74.53 82.67 NOTE
r-devel-linux-x86_64-debian-gcc 0.1.2 4.29 55.69 59.98 NOTE
r-devel-linux-x86_64-fedora-clang 0.1.2 101.39 NOTE
r-devel-linux-x86_64-fedora-gcc 0.1.2 97.79 NOTE
r-devel-windows-x86_64 0.1.2 39.00 91.00 130.00 NOTE
r-patched-linux-x86_64 0.1.2 7.11 69.96 77.07 NOTE
r-release-linux-x86_64 0.1.2 NOTE
r-release-macos-arm64 0.1.2 27.00 NOTE
r-release-macos-x86_64 0.1.2 66.00 NOTE
r-release-windows-x86_64 0.1.2 38.00 94.00 132.00 NOTE
r-oldrel-macos-arm64 0.1.2 46.00 NOTE
r-oldrel-macos-x86_64 0.1.2 50.00 NOTE
r-oldrel-windows-ix86+x86_64 0.1.2 19.00 85.00 104.00 NOTE

Check Details

Version: 0.1.2
Check: LazyData
Result: NOTE
     'LazyData' is specified without a 'data' directory
Flavors: r-devel-linux-x86_64-debian-clang, r-devel-linux-x86_64-debian-gcc, r-devel-linux-x86_64-fedora-clang, r-devel-linux-x86_64-fedora-gcc, r-devel-windows-x86_64, r-patched-linux-x86_64, r-release-linux-x86_64, r-release-macos-arm64, r-release-macos-x86_64, r-release-windows-x86_64, r-oldrel-macos-arm64, r-oldrel-macos-x86_64, r-oldrel-windows-ix86+x86_64