Last updated on 2022-06-26 15:53:00 CEST.
Flavor | Version | Tinstall | Tcheck | Ttotal | Status | Flags |
---|---|---|---|---|---|---|
r-devel-linux-x86_64-debian-clang | 0.12.0 | 30.28 | 218.46 | 248.74 | OK | |
r-devel-linux-x86_64-debian-gcc | 0.12.0 | 23.41 | 163.21 | 186.62 | OK | |
r-devel-linux-x86_64-fedora-clang | 0.12.0 | 311.32 | OK | |||
r-devel-linux-x86_64-fedora-gcc | 0.12.0 | 307.81 | OK | |||
r-devel-windows-x86_64 | 0.12.0 | 59.00 | 276.00 | 335.00 | OK | |
r-patched-linux-x86_64 | 0.12.0 | 30.36 | 206.95 | 237.31 | OK | |
r-release-linux-x86_64 | 0.12.0 | 28.32 | 210.50 | 238.82 | OK | |
r-release-macos-arm64 | 0.12.0 | 92.00 | OK | |||
r-release-macos-x86_64 | 0.12.0 | 122.00 | OK | |||
r-release-windows-x86_64 | 0.12.0 | 59.00 | 283.00 | 342.00 | OK | |
r-oldrel-macos-arm64 | 0.12.0 | 109.00 | NOTE | |||
r-oldrel-macos-x86_64 | 0.12.0 | 182.00 | OK | |||
r-oldrel-windows-ix86+x86_64 | 0.12.0 | 83.00 | 357.00 | 440.00 | NOTE |
Version: 0.12.0
Check: installed package size
Result: NOTE
installed size is 5.0Mb
sub-directories of 1Mb or more:
doc 3.1Mb
libs 1.6Mb
Flavors: r-oldrel-macos-arm64, r-oldrel-windows-ix86+x86_64