CRAN Package Check Results for Package gpboost

Last updated on 2022-09-28 15:49:55 CEST.

Flavor Version Tinstall Tcheck Ttotal Status Flags
r-devel-linux-x86_64-debian-clang 0.7.9 880.66 189.26 1069.92 OK
r-devel-linux-x86_64-debian-gcc 0.7.9 665.57 297.71 963.28 OK
r-devel-linux-x86_64-fedora-clang 0.7.9 1414.89 NOTE
r-devel-linux-x86_64-fedora-gcc 0.7.9 1455.47 OK
r-devel-windows-x86_64 0.7.9 680.00 248.00 928.00 NOTE
r-patched-linux-x86_64 0.7.9 707.23 198.94 906.17 OK
r-release-linux-x86_64 0.7.9 715.36 201.38 916.74 OK
r-release-macos-arm64 0.7.9 329.00 NOTE
r-release-macos-x86_64 0.7.9 415.00 NOTE
r-release-windows-x86_64 0.7.9 779.00 254.00 1033.00 NOTE
r-oldrel-macos-arm64 0.7.9 293.00 NOTE
r-oldrel-macos-x86_64 0.7.9 408.00 NOTE
r-oldrel-windows-ix86+x86_64 0.7.9 1670.00 306.00 1976.00 NOTE

Check Details

Version: 0.7.9
Check: installed package size
Result: NOTE
     installed size is 8.9Mb
     sub-directories of 1Mb or more:
     libs 8.0Mb
Flavors: r-devel-linux-x86_64-fedora-clang, r-devel-windows-x86_64, r-release-macos-arm64, r-release-macos-x86_64, r-release-windows-x86_64, r-oldrel-macos-arm64, r-oldrel-macos-x86_64, r-oldrel-windows-ix86+x86_64