Last updated on 2023-09-30 04:15:22 CEST.
Flavor | Version | Tinstall | Tcheck | Ttotal | Status | Flags |
---|---|---|---|---|---|---|
r-devel-linux-x86_64-debian-clang | 1.2.3 | 821.90 | 176.80 | 998.70 | OK | |
r-devel-linux-x86_64-debian-gcc | 1.2.3 | 624.56 | 329.20 | 953.76 | OK | |
r-devel-linux-x86_64-fedora-clang | 1.2.3 | 1460.38 | NOTE | |||
r-devel-linux-x86_64-fedora-gcc | 1.2.3 | 1506.62 | OK | |||
r-devel-windows-x86_64 | 1.2.3 | 557.00 | 200.00 | 757.00 | NOTE | |
r-patched-linux-x86_64 | 1.2.3 | 830.43 | 245.29 | 1075.72 | OK | |
r-release-linux-x86_64 | 1.2.3 | 816.76 | 194.40 | 1011.16 | OK | |
r-release-macos-arm64 | 1.2.3 | 289.00 | NOTE | |||
r-release-macos-x86_64 | 1.2.3 | 432.00 | NOTE | |||
r-release-windows-x86_64 | 1.2.3 | 730.00 | 238.00 | 968.00 | NOTE | |
r-oldrel-macos-arm64 | 1.2.3 | 277.00 | NOTE | |||
r-oldrel-macos-x86_64 | 1.2.3 | 448.00 | NOTE | |||
r-oldrel-windows-x86_64 | 1.2.3 | 691.00 | 200.00 | 891.00 | NOTE |
Version: 1.2.3
Check: installed package size
Result: NOTE
installed size is 9.9Mb
sub-directories of 1Mb or more:
libs 9.0Mb
Flavors: r-devel-linux-x86_64-fedora-clang, r-devel-windows-x86_64, r-release-macos-arm64, r-release-macos-x86_64, r-release-windows-x86_64, r-oldrel-macos-arm64, r-oldrel-macos-x86_64, r-oldrel-windows-x86_64