CRAN Package Check Results for Package googleCloudRunner

Last updated on 2022-05-16 15:53:14 CEST.

Flavor Version Tinstall Tcheck Ttotal Status Flags
r-devel-linux-x86_64-debian-clang 0.5.0 9.33 85.76 95.09 OK
r-devel-linux-x86_64-debian-gcc 0.5.0 6.47 64.21 70.68 OK
r-devel-linux-x86_64-fedora-clang 0.5.0 110.55 NOTE
r-devel-linux-x86_64-fedora-gcc 0.5.0 114.43 OK
r-devel-windows-x86_64 0.5.0 247.00 117.00 364.00 OK
r-patched-linux-x86_64 0.5.0 10.23 80.77 91.00 OK
r-release-linux-x86_64 0.5.0 10.31 79.37 89.68 OK
r-release-macos-arm64 0.5.0 30.00 OK
r-release-macos-x86_64 0.5.0 57.00 OK
r-release-windows-x86_64 0.5.0 347.00 116.00 463.00 OK
r-oldrel-macos-arm64 0.5.0 36.00 OK
r-oldrel-macos-x86_64 0.5.0 50.00 OK
r-oldrel-windows-ix86+x86_64 0.5.0 19.00 103.00 122.00 OK

Check Details

Version: 0.5.0
Check: Rd cross-references
Result: NOTE
    Undeclared packages ‘rcmdcheck’, ‘covr’, ‘devtools’, ‘pkgdown’ in Rd xrefs
Flavor: r-devel-linux-x86_64-fedora-clang